{"id":11094,"date":"2024-04-11T12:51:34","date_gmt":"2024-04-11T15:51:34","guid":{"rendered":"https:\/\/sindag.org.br\/site-antigo\/?page_id=11094"},"modified":"2024-09-09T14:06:29","modified_gmt":"2024-09-09T17:06:29","slug":"fundo-de-defesa-da-aviacao-agricola","status":"publish","type":"page","link":"https:\/\/sindag.org.br\/site-antigo\/fundo-de-defesa-da-aviacao-agricola\/","title":{"rendered":"Fundo de Defesa da Avia\u00e7\u00e3o Agr\u00edcola"},"content":{"rendered":"<a href=\"https:\/\/sindag.org.br\/site-antigo\/wp-content\/uploads\/2024\/04\/Logo-FundoDeDefesa-AVAG.png\"><img loading=\"lazy\" decoding=\"async\" class=\"aligncenter wp-image-11095\" src=\"https:\/\/sindag.org.br\/site-antigo\/wp-content\/uploads\/2024\/04\/Logo-FundoDeDefesa-AVAG.png\" alt=\"\" width=\"162\" height=\"249\" srcset=\"https:\/\/sindag.org.br\/site-antigo\/wp-content\/uploads\/2024\/04\/Logo-FundoDeDefesa-AVAG.png 1128w, https:\/\/sindag.org.br\/site-antigo\/wp-content\/uploads\/2024\/04\/Logo-FundoDeDefesa-AVAG-469x720.png 469w, https:\/\/sindag.org.br\/site-antigo\/wp-content\/uploads\/2024\/04\/Logo-FundoDeDefesa-AVAG-768x1179.png 768w, https:\/\/sindag.org.br\/site-antigo\/wp-content\/uploads\/2024\/04\/Logo-FundoDeDefesa-AVAG-1000x1536.png 1000w\" sizes=\"auto, (max-width: 162px) 100vw, 162px\" \/><\/a>\n<pre><span style=\"font-size: 18pt;\">Objetivo<\/span><\/pre>\n<p><span style=\"font-weight: 400;\">Promover a imagem do setor levando informa\u00e7\u00e3o correta e combatendo as not\u00edcias e narrativas falsas, atrav\u00e9s de a\u00e7\u00f5es efetivas em todos os f\u00f3runs de discuss\u00f5es que se abrirem no Brasil.<\/span><\/p>\n<p><em><span style=\"font-weight: 400;\">Foco em proteger o setor dos <strong>14 atuais projetos de proibi\u00e7\u00e3o nos estados<\/strong>, e ampliar nossa defesa dentro do STF, nas duas a\u00e7\u00f5es que est\u00e3o tramitando.<\/span><\/em><\/p>\n<p style=\"text-align: center;\"><img loading=\"lazy\" decoding=\"async\" class=\"wp-image-11891 aligncenter\" src=\"https:\/\/sindag.org.br\/site-antigo\/wp-content\/uploads\/2024\/09\/MEM02022-scaled.jpg\" alt=\"\" width=\"548\" height=\"365\" srcset=\"https:\/\/sindag.org.br\/site-antigo\/wp-content\/uploads\/2024\/09\/MEM02022-scaled.jpg 2560w, https:\/\/sindag.org.br\/site-antigo\/wp-content\/uploads\/2024\/09\/MEM02022-720x480.jpg 720w, https:\/\/sindag.org.br\/site-antigo\/wp-content\/uploads\/2024\/09\/MEM02022-1920x1280.jpg 1920w, https:\/\/sindag.org.br\/site-antigo\/wp-content\/uploads\/2024\/09\/MEM02022-768x512.jpg 768w, https:\/\/sindag.org.br\/site-antigo\/wp-content\/uploads\/2024\/09\/MEM02022-1536x1024.jpg 1536w, https:\/\/sindag.org.br\/site-antigo\/wp-content\/uploads\/2024\/09\/MEM02022-2048x1365.jpg 2048w\" sizes=\"auto, (max-width: 548px) 100vw, 548px\" \/><br \/>\n<a href=\"https:\/\/sindag.org.br\/site-antigo\/wp-content\/uploads\/2024\/09\/Relatorio-Fundo-de-Defesa-VERSAO-DIGITAL-5.pdf\"><span style=\"font-size: 18pt;\"><strong>Baixe aqui o relat\u00f3rio de presta\u00e7\u00e3o de contas do fundo<\/strong><\/span><\/a><\/p>\n<p>&nbsp;<\/p>\n<pre><span style=\"font-size: 18pt;\">Como doar?<\/span><\/pre>\n<p style=\"text-align: center;\"><span style=\"font-size: 24pt;\">Atrav\u00e9s do pix do SINDAG <em><b>financeiro@sindag.org.br<\/b><\/em><\/span><\/p>\n<a href=\"https:\/\/sindag.org.br\/site-antigo\/wp-content\/uploads\/2024\/04\/Captura-de-tela-2024-04-11-142638.png\"><img loading=\"lazy\" decoding=\"async\" class=\"wp-image-11100 alignleft\" src=\"https:\/\/sindag.org.br\/site-antigo\/wp-content\/uploads\/2024\/04\/Captura-de-tela-2024-04-11-142638.png\" alt=\"\" width=\"258\" height=\"258\" srcset=\"https:\/\/sindag.org.br\/site-antigo\/wp-content\/uploads\/2024\/04\/Captura-de-tela-2024-04-11-142638.png 737w, https:\/\/sindag.org.br\/site-antigo\/wp-content\/uploads\/2024\/04\/Captura-de-tela-2024-04-11-142638-720x720.png 720w, https:\/\/sindag.org.br\/site-antigo\/wp-content\/uploads\/2024\/04\/Captura-de-tela-2024-04-11-142638-480x480.png 480w, https:\/\/sindag.org.br\/site-antigo\/wp-content\/uploads\/2024\/04\/Captura-de-tela-2024-04-11-142638-150x150.png 150w, https:\/\/sindag.org.br\/site-antigo\/wp-content\/uploads\/2024\/04\/Captura-de-tela-2024-04-11-142638-125x125.png 125w\" sizes=\"auto, (max-width: 258px) 100vw, 258px\" \/><\/a>\n<a href=\"https:\/\/sindag.org.br\/site-antigo\/wp-content\/uploads\/2024\/04\/Blue-And-White-Minimalist-Modern-Pricing-Table-Comparison-Graph.png\"><img loading=\"lazy\" decoding=\"async\" class=\"wp-image-11103 alignleft\" src=\"https:\/\/sindag.org.br\/site-antigo\/wp-content\/uploads\/2024\/04\/Blue-And-White-Minimalist-Modern-Pricing-Table-Comparison-Graph.png\" alt=\"\" width=\"420\" height=\"315\" srcset=\"https:\/\/sindag.org.br\/site-antigo\/wp-content\/uploads\/2024\/04\/Blue-And-White-Minimalist-Modern-Pricing-Table-Comparison-Graph.png 1024w, https:\/\/sindag.org.br\/site-antigo\/wp-content\/uploads\/2024\/04\/Blue-And-White-Minimalist-Modern-Pricing-Table-Comparison-Graph-720x540.png 720w, https:\/\/sindag.org.br\/site-antigo\/wp-content\/uploads\/2024\/04\/Blue-And-White-Minimalist-Modern-Pricing-Table-Comparison-Graph-768x576.png 768w\" sizes=\"auto, (max-width: 420px) 100vw, 420px\" \/><\/a>\n<p>&nbsp;<\/p>\n<p>&nbsp;<\/p>\n<p>&nbsp;<\/p>\n<p>&nbsp;<\/p>\n<p>&nbsp;<\/p>\n<p>&nbsp;<\/p>\n<p>&nbsp;<\/p>\n<p>&nbsp;<\/p>\n<pre><span style=\"font-size: 14pt;\">Brindes aos doadores:<\/span><\/pre>\n<img loading=\"lazy\" decoding=\"async\" class=\"alignnone size-full wp-image-11892\" src=\"https:\/\/sindag.org.br\/site-antigo\/wp-content\/uploads\/2024\/09\/53973943339_17dd283c82_k.jpg\" alt=\"\" width=\"1920\" height=\"1280\" srcset=\"https:\/\/sindag.org.br\/site-antigo\/wp-content\/uploads\/2024\/09\/53973943339_17dd283c82_k.jpg 1920w, https:\/\/sindag.org.br\/site-antigo\/wp-content\/uploads\/2024\/09\/53973943339_17dd283c82_k-720x480.jpg 720w, https:\/\/sindag.org.br\/site-antigo\/wp-content\/uploads\/2024\/09\/53973943339_17dd283c82_k-768x512.jpg 768w, https:\/\/sindag.org.br\/site-antigo\/wp-content\/uploads\/2024\/09\/53973943339_17dd283c82_k-1536x1024.jpg 1536w\" sizes=\"auto, (max-width: 1920px) 100vw, 1920px\" \/> <img loading=\"lazy\" decoding=\"async\" class=\"alignnone size-full wp-image-11893\" src=\"https:\/\/sindag.org.br\/site-antigo\/wp-content\/uploads\/2024\/09\/53972735082_ec213b4f1b_k.jpg\" alt=\"\" width=\"1920\" height=\"1280\" srcset=\"https:\/\/sindag.org.br\/site-antigo\/wp-content\/uploads\/2024\/09\/53972735082_ec213b4f1b_k.jpg 1920w, https:\/\/sindag.org.br\/site-antigo\/wp-content\/uploads\/2024\/09\/53972735082_ec213b4f1b_k-720x480.jpg 720w, https:\/\/sindag.org.br\/site-antigo\/wp-content\/uploads\/2024\/09\/53972735082_ec213b4f1b_k-768x512.jpg 768w, https:\/\/sindag.org.br\/site-antigo\/wp-content\/uploads\/2024\/09\/53972735082_ec213b4f1b_k-1536x1024.jpg 1536w\" sizes=\"auto, (max-width: 1920px) 100vw, 1920px\" \/> <img loading=\"lazy\" decoding=\"async\" class=\"alignnone size-full wp-image-11894\" src=\"https:\/\/sindag.org.br\/site-antigo\/wp-content\/uploads\/2024\/09\/53973860828_048db336f8_k.jpg\" alt=\"\" width=\"1920\" height=\"1280\" srcset=\"https:\/\/sindag.org.br\/site-antigo\/wp-content\/uploads\/2024\/09\/53973860828_048db336f8_k.jpg 1920w, https:\/\/sindag.org.br\/site-antigo\/wp-content\/uploads\/2024\/09\/53973860828_048db336f8_k-720x480.jpg 720w, https:\/\/sindag.org.br\/site-antigo\/wp-content\/uploads\/2024\/09\/53973860828_048db336f8_k-768x512.jpg 768w, https:\/\/sindag.org.br\/site-antigo\/wp-content\/uploads\/2024\/09\/53973860828_048db336f8_k-1536x1024.jpg 1536w\" sizes=\"auto, (max-width: 1920px) 100vw, 1920px\" \/>\n<pre><span style=\"font-size: 14pt;\">Agradecemos as empresas e profissionais do setor que j\u00e1 doaram:<\/span><\/pre>\n<table style=\"border-collapse: collapse; width: 100%; height: 1336px;\">\n<tbody>\n<tr style=\"height: 1022px;\">\n<td style=\"width: 33.3333%; height: 1022px;\"><span style=\"font-weight: 400;\">Sana (R$20.000)<\/span><\/p>\n<p><span style=\"font-weight: 400;\">Dp Avia\u00e7\u00e3o (R$20.000)<\/span><\/p>\n<p><span style=\"font-weight: 400;\">America Sul (R$15.000)<\/span><\/p>\n<p><span style=\"font-weight: 400;\">Aerotex (R$10.000)<\/span><\/p>\n<p><span style=\"font-weight: 400;\">Agro R A (R$10.000)<\/span><\/p>\n<p><span style=\"font-weight: 400;\">Amazon (R$10.000)<\/span><\/p>\n<p><span style=\"font-weight: 400;\">Rondon (R$10.000)<\/span><\/p>\n<p><span style=\"font-weight: 400;\">Foliar Avia\u00e7\u00e3o (R$10.000)<\/span><\/p>\n<p><span style=\"font-weight: 400;\">Aero Medianeira (R$10.000)<\/span><\/p>\n<p><span style=\"font-weight: 400;\">Gaivota (R$10.000)<\/span><\/p>\n<p><span style=\"font-weight: 400;\">Redex (R$10.000)<\/span><\/p>\n<p><span style=\"font-weight: 400;\">Taim (R$10.000)<\/span><\/p>\n<p><span style=\"font-weight: 400;\">Agrossol (R$10.000)<\/span><\/p>\n<p><span style=\"font-weight: 400;\">Rambo (R$10.000)<\/span><\/p>\n<p><span style=\"font-weight: 400;\">Triangulo (R$10.000)<\/span><\/p>\n<p><span style=\"font-weight: 400;\">Globo (R$10.000)<\/span><\/p>\n<p><span style=\"font-weight: 400;\">Amazonia (R$10.000)<\/span><\/p>\n<p><span style=\"font-weight: 400;\">Textor (R$10.000)<\/span><\/p>\n<p><span style=\"font-weight: 400;\">Pulvesul (R$10.000)<\/span><\/p>\n<p><span style=\"font-weight: 400;\">Arenhart (R$10.000)<\/span><\/p>\n<p><span style=\"font-weight: 400;\">Nitz Avia\u00e7\u00e3o (R$10.000)<\/span><\/td>\n<td style=\"width: 33.3333%; height: 1022px;\"><span style=\"font-weight: 400;\">aiba (R$10.000)<\/span><\/p>\n<p><span style=\"font-weight: 400;\">Precisao Aero Agricola\u00a0 (R$10.000)<\/span><\/p>\n<p><span style=\"font-weight: 400;\">Aguas Claras (R$10.000)<\/span><\/p>\n<p><span style=\"font-weight: 400;\">Tom Agr\u00edcola (R$10.000)<\/span><\/p>\n<p><span style=\"font-weight: 400;\">Canarana (R$10.000)<\/span><\/p>\n<p><span style=\"font-weight: 400;\">Giruaense (R$10.000)<\/span><\/p>\n<p><span style=\"font-weight: 400;\">Terceiro Milenio (R$10.000)<\/span><\/p>\n<p><span style=\"font-weight: 400;\">Gabrielense(R$10.000)<\/span><\/p>\n<p><span style=\"font-weight: 400;\">Ceal (R$10.000)<\/span><\/p>\n<p><span style=\"font-weight: 400;\">Ultraer (R$10.000)<\/span><\/p>\n<p><span style=\"font-weight: 400;\">Aero Agricola Chapad\u00e3o (R$10.000)<\/span><\/p>\n<p><span style=\"font-weight: 400;\">Tradicao (R$10.000)<\/span><\/p>\n<p><span style=\"font-weight: 400;\">Solag (R$10.000)<\/span><\/p>\n<p><span style=\"font-weight: 400;\">Aviax (R$10.000)<\/span><\/p>\n<p><span style=\"font-weight: 400;\">Pulvaer (R$10.000)<\/span><\/p>\n<p><span style=\"font-weight: 400;\">Produtiva (R$10.000)<\/span><\/p>\n<p><span style=\"font-weight: 400;\">Serrana (R$10.000)<\/span><\/p>\n<p><span style=\"font-weight: 400;\">Viagro Vidotti (R$10.000)<\/span><\/p>\n<p><span style=\"font-weight: 400;\">Aplimax (R$10.000)<\/span><\/p>\n<p><span style=\"font-weight: 400;\">DMA (R$10.000)<\/span><\/td>\n<td style=\"width: 33.3333%; height: 1022px;\"><span style=\"font-weight: 400;\">Tenoar (R$10.000)<\/span><\/p>\n<p><span style=\"font-weight: 400;\">VCM (R$10.000)<\/span><\/p>\n<p><span style=\"font-weight: 400;\">Saguia (R$10.000)<\/span><\/p>\n<p><span style=\"font-weight: 400;\">Sapa (R$10.000)<\/span><\/p>\n<p><span style=\"font-weight: 400;\">Mirim (R$10.000)<\/span><\/p>\n<p><span style=\"font-weight: 400;\">Stal (R$10.000)<\/span><\/p>\n<p><span style=\"font-weight: 400;\">Inovar (R$10.000)<\/span><\/p>\n<p><span style=\"font-weight: 400;\">Dimens\u00e3o (R$10.000)<\/span><\/p>\n<p><span style=\"font-weight: 400;\">Itapororo (R$10.000)<\/span><\/p>\n<p><span style=\"font-weight: 400;\">Agro Brasil (R$10.000)<\/span><\/p>\n<p><span style=\"font-weight: 400;\">Leoncini (R$10.000)<\/span><\/p>\n<p><span style=\"font-weight: 400;\">Kna (R$10.000)<\/span><\/p>\n<p><span style=\"font-weight: 400;\">Aeroceu (R$10.000)<\/span><\/p>\n<p><span style=\"font-weight: 400;\">Mercaer (R$10.000)<\/span><\/p>\n<p><span style=\"font-weight: 400;\">Rancharia (R$10.000)<\/span><\/p>\n<p><span style=\"font-weight: 400;\">Savana (R$10.000)<\/span><\/p>\n<p><span style=\"font-weight: 400;\">Aeroverde (R$10.000)<\/span><\/p>\n<p><span style=\"font-weight: 400;\">Aplitec (R$10.000)<\/span><\/p>\n<p><span style=\"font-weight: 400;\">Balsas (R$10.000)<\/span><\/p>\n<p><span style=\"font-weight: 400;\">Precisa (R$10.000)<\/span><\/td>\n<\/tr>\n<tr style=\"height: 38px;\">\n<td style=\"width: 33.3333%; height: 38px;\"><span style=\"font-weight: 400;\">Mostardas (R$10.000)<\/span><\/p>\n<p><span style=\"font-weight: 400;\">Vimaer (R$10.000)<\/span><\/p>\n<p><span style=\"font-weight: 400;\">Rio Verde (R$10.000)<\/span><\/p>\n<p><span style=\"font-weight: 400;\">Fenix Aviac (R$10.000)<\/span><\/p>\n<p><span style=\"font-weight: 400;\">Andrade Avi (R$10.000)<\/span><\/p>\n<p><span style=\"font-weight: 400;\">Aeroterra (R$10.000)<\/span><\/p>\n<p><span style=\"font-weight: 400;\">Vale do Paranapanema (R$10.000)<\/span><\/p>\n<p><span style=\"font-weight: 400;\">Awaer (R$10.000)<\/span><\/p>\n<p><span style=\"font-weight: 400;\">Cruzada\u00a0 (R$10.000)<\/span><\/p>\n<p><span style=\"font-weight: 400;\">Aerogr\u00edcola Solo (R$10.000)<\/span><\/p>\n<p><span style=\"font-weight: 400;\">Gringo Aeroagricola (R$10.000)<\/span><\/p>\n<p><span style=\"font-weight: 400;\">Jusarah Aeroagricola (R$10.000)<\/span><\/p>\n<p><span style=\"font-weight: 400;\">Sam Sociedade Aeroagricola (R$10.000)<\/span><\/p>\n<p><span style=\"font-weight: 400;\">Asas D Oest (R$10.000)<\/span><\/p>\n<p><span style=\"font-weight: 400;\">Aerodinamica (R$10.000)<\/span><\/p>\n<p><span style=\"font-weight: 400;\">KL Avia\u00e7\u00e3o (R$10.000)<\/span><\/p>\n<p><span style=\"font-weight: 400;\">Alagoana (R$10.000)<\/span><\/p>\n<p><span style=\"font-weight: 400;\">RPilau (R$10.000)<\/span><\/p>\n<p><span style=\"font-weight: 400;\">Aero Farm (R$10.000)<\/span><\/p>\n<p><span style=\"font-weight: 400;\">Mineiros Avia\u00e7\u00e3o (R$10.000)<\/span><\/p>\n<p><span style=\"font-weight: 400;\">Centroar (R$10.000)<\/span><\/p>\n<p><span style=\"font-weight: 400;\">Itapua (R$10.000)<\/span><\/p>\n<p><span style=\"font-weight: 400;\">America Sul (R$20.000)<\/span><\/p>\n<p><span style=\"font-weight: 400;\">LL Avia\u00e7\u00e3o (R$8.000)<\/span><\/p>\n<p><span style=\"font-weight: 400;\">Aurora (R$5.000)<\/span><\/p>\n<p><span style=\"font-weight: 400;\">Pulverizar (R$5.000)<\/span><\/td>\n<td style=\"width: 33.3333%; height: 38px;\"><span style=\"font-weight: 400;\">Plafertil (R$5.000)<\/span><\/p>\n<p><span style=\"font-weight: 400;\">Ataque (R$5.000)<\/span><\/p>\n<p><span style=\"font-weight: 400;\">Sepal\u00a0 (R$5.000)<\/span><\/p>\n<p><span style=\"font-weight: 400;\">Aeronorpa (R$5.000)<\/span><\/p>\n<p><span style=\"font-weight: 400;\">Ivai (R$5.000)<\/span><\/p>\n<p><span style=\"font-weight: 400;\">Fama (R$5.000)<\/span><\/p>\n<p><span style=\"font-weight: 400;\">Antiqueira (R$5.000)<\/span><\/p>\n<p><span style=\"font-weight: 400;\">Aeromaj (R$5.000)<\/span><\/p>\n<p><span style=\"font-weight: 400;\">Santa F\u00e9 Avia\u00e7\u00e3o (R$5.000)<\/span><\/p>\n<p><span style=\"font-weight: 400;\">Querencia Avia\u00e7\u00e3o (R$5.000)<\/span><\/p>\n<p><span style=\"font-weight: 400;\">Aeroagricola S\u00e3o Mateus (R$3.000)<\/span><\/p>\n<p><span style=\"font-weight: 400;\">Avia\u00e7\u00e3o Agr\u00edcola Antonio e Carmelia (R$2.000)<\/span><\/p>\n<p><span style=\"font-weight: 400;\">Toledo (R$2.000)<\/span><\/p>\n<p><span style=\"font-weight: 400;\">Sao Jorge (R$2.000)<\/span><\/p>\n<p><span style=\"font-weight: 400;\">Ibirapuit\u00e3 (R$2.000)<\/span><\/p>\n<p><span style=\"font-weight: 400;\">Rondonia (R$2.000)<\/span><\/p>\n<p><span style=\"font-weight: 400;\">Tuparai (R$2.000)<\/span><\/p>\n<p><span style=\"font-weight: 400;\">Jato Avia\u00e7\u00e3o (R$2.000)<\/span><\/p>\n<p><span style=\"font-weight: 400;\">Agromais A (R$2.000)<\/span><\/td>\n<td style=\"width: 33.3333%; height: 38px;\"><span style=\"font-weight: 400;\">AirTractor (R$72.719,67)<\/span><\/p>\n<p><span style=\"font-weight: 400;\">Stol (R$30.000)<\/span><\/p>\n<p><span style=\"font-weight: 400;\">Zanoni (R$25.000)<\/span><\/p>\n<p><span style=\"font-weight: 400;\">Cruzeiro do Sul (R$23.000)<\/span><\/p>\n<p><span style=\"font-weight: 400;\">Agsur Aviones (R$20.000)<\/span><\/p>\n<p><span style=\"font-weight: 400;\">Agsur Brasil (R$20.000)<\/span><\/p>\n<p><span style=\"font-weight: 400;\">Aeroglobo (R$20.000)<\/span><\/p>\n<p><span style=\"font-weight: 400;\">Travicar (R$20.000)<\/span><\/p>\n<p><span style=\"font-weight: 400;\">Global Parts (R$20.000)<\/span><\/p>\n<p><span style=\"font-weight: 400;\">Mossmann (R$10.000)<\/span><\/p>\n<p><span style=\"font-weight: 400;\">Awa Manuten\u00e7\u00e3o Aeronaves( R$10.000)<\/span><\/p>\n<p><span style=\"font-weight: 400;\">Avex Brasil (R$10.000)<\/span><\/p>\n<p><span style=\"font-weight: 400;\">Aviope\u00e7as (R$5.000)<\/span><\/p>\n<p><span style=\"font-weight: 400;\">Axe Insuran (R$1.000)<\/span><\/p>\n<p><span style=\"font-weight: 400;\">Atenti Asse (R$1.000)<\/span><\/td>\n<\/tr>\n<tr style=\"height: 38px;\">\n<td style=\"width: 33.3333%; height: 38px;\"><span style=\"font-weight: 400;\">Victor Nunes (R$3.500)<\/span><\/p>\n<p><span style=\"font-weight: 400;\">Jonathan Nu (R$2.000)<\/span><\/p>\n<p><span style=\"font-weight: 400;\">Luis Carlos Ya (R$2.000)<\/span><\/p>\n<p><span style=\"font-weight: 400;\">Carlos Eduardo (R$1.000)<\/span><\/p>\n<p><span style=\"font-weight: 400;\">Frederico p Rec (R$1.000)<\/span><\/p>\n<p><span style=\"font-weight: 400;\">Jose Mauro (R$1.000)<\/span><\/p>\n<p><span style=\"font-weight: 400;\">Gelso Solo &#8211; Fs Avia\u00e7\u00e3o (R$1.000)<\/span><\/p>\n<p><span style=\"font-weight: 400;\">Eduardo Flores\u00a0 (R$500)<\/span><\/p>\n<p><span style=\"font-weight: 400;\">CN Fly (R$500)<\/span><\/p>\n<p><span style=\"font-weight: 400;\">Adriano Zan (R$500)<\/span><\/p>\n<p><span style=\"font-weight: 400;\">Denilson Todes (R$500)<\/span><\/p>\n<p><span style=\"font-weight: 400;\">Efs Pulv (R$500)<\/span><\/p>\n<p><span style=\"font-weight: 400;\">Romulo Silveira (R$500)<\/span><\/p>\n<p><span style=\"font-weight: 400;\">Marshal Alm (R$500)<\/span><\/p>\n<p><span style=\"font-weight: 400;\">Marislan De (R$500)<\/span><\/p>\n<p><span style=\"font-weight: 400;\">Lucas Maciel (R$500)<\/span><\/p>\n<p><span style=\"font-weight: 400;\">Jean Taylor (R$500)<\/span><\/p>\n<p><span style=\"font-weight: 400;\">Julio Rubin (R$500)<\/span><\/p>\n<p><span style=\"font-weight: 400;\">Luiz Antoni (R$500)<\/span><\/p>\n<p><span style=\"font-weight: 400;\">Danilo Rese (R$500)<\/span><\/p>\n<p><span style=\"font-weight: 400;\">Matheus Rod (R$500)<\/span><\/p>\n<p><span style=\"font-weight: 400;\">Murilo Inacio (R$500)<\/span><\/p>\n<p><span style=\"font-weight: 400;\">Marcelo (R$400)<\/span><\/p>\n<p><span style=\"font-weight: 400;\">Martin Wern (R$300) &#8211; Kl<\/span><\/p>\n<p><span style=\"font-weight: 400;\">Ronie Silve (R$300)<\/span><\/p>\n<p><span style=\"font-weight: 400;\">Elber Jose<\/span> (R$300)<\/td>\n<td style=\"width: 33.3333%; height: 38px;\"><span style=\"font-weight: 400;\">Elton Guada (R$250)<\/span><\/p>\n<p><span style=\"font-weight: 400;\">Idelvan\u00a0 Hel (R$250)<\/span><\/p>\n<p><span style=\"font-weight: 400;\">Samoel Jonn (R$250)<\/span><\/p>\n<p><span style=\"font-weight: 400;\">Mario Biazo (R$250)<\/span><\/p>\n<p><span style=\"font-weight: 400;\">Andre Bergozi (R$250)<\/span><\/p>\n<p><span style=\"font-weight: 400;\">Carlos Eduardo (R$250)<\/span><\/p>\n<p><span style=\"font-weight: 400;\">Leonardo Fe (R$250)<\/span><\/p>\n<p><span style=\"font-weight: 400;\">Luis H Oliveira (R$250)<\/span><\/p>\n<p><span style=\"font-weight: 400;\">Tiago Barbo (R$250)<\/span><\/p>\n<p><span style=\"font-weight: 400;\">Lucas Jorge (R$250)<\/span><\/p>\n<p><span style=\"font-weight: 400;\">Heyttor F A (R$250)<\/span><\/p>\n<p><span style=\"font-weight: 400;\">Ednilson Vi (R$250)<\/span><\/p>\n<p><span style=\"font-weight: 400;\">Mauro Souza (R$250)<\/span><\/p>\n<p><span style=\"font-weight: 400;\">Julio Cesar (R$200)<\/span><\/p>\n<p><span style=\"font-weight: 400;\">Diego Rec (R$200)<\/span><\/p>\n<p><span style=\"font-weight: 400;\">Jos\u00e9 Pedro Furtado (R$200)<\/span><\/p>\n<p><span style=\"font-weight: 400;\">Ordem Aero (R$200)<\/span><\/p>\n<p><span style=\"font-weight: 400;\">Luciano Mou (R$200)<\/span><\/p>\n<p><span style=\"font-weight: 400;\">Andre de Ca (R$200)<\/span><\/p>\n<p><span style=\"font-weight: 400;\">Leonardo Ri (R$200)<\/span><\/p>\n<p><span style=\"font-weight: 400;\">Ricardo Rodrigues (R$200)<\/span><\/p>\n<p><span style=\"font-weight: 400;\">Rafael Cord (R$200)<\/span><\/p>\n<p><span style=\"font-weight: 400;\">Alexandre P (R$200)<\/span><\/p>\n<p><span style=\"font-weight: 400;\">Adilson Mar (R$200)<\/span><\/p>\n<p><span style=\"font-weight: 400;\">Leonardo Pa (R$200)<\/span><\/p>\n<p><span style=\"font-weight: 400;\">Ricardo Mar (R$200)<\/span><\/td>\n<td style=\"width: 33.3333%; height: 38px;\"><span style=\"font-weight: 400;\">ulio R Castro &#8211; Vale Paranapanema (R$200)<\/span><\/p>\n<p><span style=\"font-weight: 400;\">Alexandre T (R$200)<\/span><\/p>\n<p><span style=\"font-weight: 400;\">Rodrigo Milam &#8211; Antonie Nivarai (R$200)<\/span><\/p>\n<p><span style=\"font-weight: 400;\">Clodoaldo Donato (R$150)<\/span><\/p>\n<p><span style=\"font-weight: 400;\">Norte Comer (R$150)<\/span><\/p>\n<p><span style=\"font-weight: 400;\">Cassio Silv (R$150)<\/span><\/p>\n<p><span style=\"font-weight: 400;\">Paulo Henrique (R$100)<\/span><\/p>\n<p><span style=\"font-weight: 400;\">Max Zenker (R$100)<\/span><\/p>\n<p><span style=\"font-weight: 400;\">Gregory (R$100)<\/span><\/p>\n<p><span style=\"font-weight: 400;\">Emilio (R$100)<\/span><\/p>\n<p><span style=\"font-weight: 400;\">Jorge Henrique (R$100)<\/span><\/p>\n<p><span style=\"font-weight: 400;\">Cleo Cloivis (R$100)<\/span><\/p>\n<p><span style=\"font-weight: 400;\">Daniel Josu (R$100)<\/span><\/p>\n<p><span style=\"font-weight: 400;\">Wilson Rich (R$100)<\/span><\/p>\n<p><span style=\"font-weight: 400;\">Virgilio Brito (R$100)<\/span><\/p>\n<p><span style=\"font-weight: 400;\">Gustavo Bom (R$100)<\/span><\/p>\n<p><span style=\"font-weight: 400;\">Ricardo Nod (R$100)<\/span><\/p>\n<p><span style=\"font-weight: 400;\">Daniel Pali (R$100)<\/span><\/p>\n<p><span style=\"font-weight: 400;\">Rodrigo Gom (R$50)<\/span><\/p>\n<p><span style=\"font-weight: 400;\">Alexandre B (R$50)<\/span><\/p>\n<p><span style=\"font-weight: 400;\">Carlos Abdu (R$50)<\/span><\/p>\n<p><span style=\"font-weight: 400;\">Adriano Per (R$50)<\/span><\/p>\n<p><span style=\"font-weight: 400;\">Alex Pelegr (R$50)<\/span><\/p>\n<p><span style=\"font-weight: 400;\">Felipe Bicc (R$50)<\/span><\/p>\n<p><span style=\"font-weight: 400;\">Costi Corre (R$500)<\/span><\/p>\n<p><span style=\"font-weight: 400;\">Everton Rodolfo (R$500)<\/span><\/td>\n<\/tr>\n<tr style=\"height: 38px;\">\n<td style=\"width: 33.3333%; height: 38px;\"><\/td>\n<td style=\"width: 33.3333%; height: 38px;\"><\/td>\n<td style=\"width: 33.3333%; height: 38px;\"><\/td>\n<\/tr>\n<tr style=\"height: 38px;\">\n<td style=\"width: 33.3333%; height: 38px;\"><\/td>\n<td style=\"width: 33.3333%; height: 38px;\"><\/td>\n<td style=\"width: 33.3333%; height: 38px;\"><\/td>\n<\/tr>\n<tr style=\"height: 38px;\">\n<td style=\"width: 33.3333%; height: 38px;\"><\/td>\n<td style=\"width: 33.3333%; height: 38px;\"><\/td>\n<td style=\"width: 33.3333%; height: 38px;\"><\/td>\n<\/tr>\n<tr style=\"height: 38px;\">\n<td style=\"width: 33.3333%; height: 38px;\"><\/td>\n<td style=\"width: 33.3333%; height: 38px;\"><\/td>\n<td style=\"width: 33.3333%; height: 38px;\"><\/td>\n<\/tr>\n<tr style=\"height: 38px;\">\n<td style=\"width: 33.3333%; height: 38px;\"><\/td>\n<td style=\"width: 33.3333%; height: 38px;\"><\/td>\n<td style=\"width: 33.3333%; height: 38px;\"><\/td>\n<\/tr>\n<tr style=\"height: 38px;\">\n<td style=\"width: 33.3333%; height: 38px;\"><\/td>\n<td style=\"width: 33.3333%; height: 38px;\"><\/td>\n<td style=\"width: 33.3333%; height: 38px;\"><\/td>\n<\/tr>\n<tr style=\"height: 10px;\">\n<td style=\"width: 33.3333%; height: 10px;\"><\/td>\n<td style=\"width: 33.3333%; height: 10px;\"><\/td>\n<td style=\"width: 33.3333%; height: 10px;\"><\/td>\n<\/tr>\n<\/tbody>\n<\/table>\n","protected":false},"excerpt":{"rendered":"<p>Objetivo Promover a imagem do setor levando informa\u00e7\u00e3o correta e combatendo as not\u00edcias e narrativas falsas, atrav\u00e9s de a\u00e7\u00f5es efetivas em todos os f\u00f3runs de discuss\u00f5es que se abrirem no Brasil. Foco em proteger o setor dos 14 atuais projetos de proibi\u00e7\u00e3o nos estados, e ampliar nossa defesa dentro do STF, nas duas a\u00e7\u00f5es que&#8230;  <a class=\"excerpt-read-more\" href=\"https:\/\/sindag.org.br\/site-antigo\/fundo-de-defesa-da-aviacao-agricola\/\" title=\"Read Fundo de Defesa da Avia\u00e7\u00e3o Agr\u00edcola\">Leia mais &raquo;<\/a><\/p>\n","protected":false},"author":5,"featured_media":11109,"parent":0,"menu_order":0,"comment_status":"closed","ping_status":"closed","template":"","meta":{"_monsterinsights_skip_tracking":false,"_monsterinsights_sitenote_active":false,"_monsterinsights_sitenote_note":"","_monsterinsights_sitenote_category":0,"footnotes":"","_links_to":"","_links_to_target":""},"class_list":["post-11094","page","type-page","status-publish","has-post-thumbnail","hentry"],"_links":{"self":[{"href":"https:\/\/sindag.org.br\/site-antigo\/wp-json\/wp\/v2\/pages\/11094","targetHints":{"allow":["GET"]}}],"collection":[{"href":"https:\/\/sindag.org.br\/site-antigo\/wp-json\/wp\/v2\/pages"}],"about":[{"href":"https:\/\/sindag.org.br\/site-antigo\/wp-json\/wp\/v2\/types\/page"}],"author":[{"embeddable":true,"href":"https:\/\/sindag.org.br\/site-antigo\/wp-json\/wp\/v2\/users\/5"}],"replies":[{"embeddable":true,"href":"https:\/\/sindag.org.br\/site-antigo\/wp-json\/wp\/v2\/comments?post=11094"}],"version-history":[{"count":0,"href":"https:\/\/sindag.org.br\/site-antigo\/wp-json\/wp\/v2\/pages\/11094\/revisions"}],"wp:featuredmedia":[{"embeddable":true,"href":"https:\/\/sindag.org.br\/site-antigo\/wp-json\/wp\/v2\/media\/11109"}],"wp:attachment":[{"href":"https:\/\/sindag.org.br\/site-antigo\/wp-json\/wp\/v2\/media?parent=11094"}],"curies":[{"name":"wp","href":"https:\/\/api.w.org\/{rel}","templated":true}]}}