{"id":1185,"date":"2020-07-02T16:41:12","date_gmt":"2020-07-02T19:41:12","guid":{"rendered":"https:\/\/sindag.org.br\/site-antigo\/?page_id=1185"},"modified":"2020-11-13T16:28:41","modified_gmt":"2020-11-13T19:28:41","slug":"coronavirus-covid-19","status":"publish","type":"page","link":"https:\/\/sindag.org.br\/site-antigo\/coronavirus-covid-19\/","title":{"rendered":"Coronav\u00edrus (COVID-19)"},"content":{"rendered":"<p>Coronav\u00edrus \u00e9 uma fam\u00edlia de v\u00edrus que causam infec\u00e7\u00f5es respirat\u00f3rias. O novo agente do coronav\u00edrus foi descoberto em 31\/12\/19 ap\u00f3s casos registrados na China. Provoca a doen\u00e7a chamada de coronav\u00edrus (COVID-19).<\/p>\n<p>Os primeiros coronav\u00edrus humanos foram isolados pela primeira vez em 1937. No entanto, foi em 1965 que o v\u00edrus foi descrito como coronav\u00edrus, em decorr\u00eancia do perfil na microscopia, parecendo uma coroa.<\/p>\n<p>A maioria das pessoas se infecta com os coronav\u00edrus comuns ao longo da vida, sendo as crian\u00e7as pequenas mais propensas a se infectarem com o tipo mais comum do v\u00edrus. Os coronav\u00edrus mais comuns que infectam humanos s\u00e3o o alpha coronav\u00edrus 229E e NL63 e beta coronav\u00edrus OC43, HKU1.<\/p>\n<p><em>Fonte:\u00a0<a href=\"https:\/\/coronavirus.saude.gov.br\/\">https:\/\/coronavirus.saude.gov.br\/<\/a><\/em><\/p>\n<p style=\"text-align: center;\"><iframe loading=\"lazy\" src=\"https:\/\/www.youtube.com\/embed\/EXcrKsRf_1g\" width=\"680\" height=\"383\" frameborder=\"0\" allowfullscreen=\"allowfullscreen\"><\/iframe><\/p>\n<p>&nbsp;<\/p>\n<p><strong>Material para Impress\u00e3o:<\/strong><\/p>\n<p><em>(Clique no link para acessar)<\/em><\/p>\n<p>Cartazes tamanho A4:<br \/>\n<a href=\"https:\/\/drive.google.com\/drive\/folders\/1REknLZu5Vrx2zEDGpVbyOy23rB3o_zlE?usp=sharing\"><strong>https:\/\/drive.google.com\/drive\/folders\/1REknLZu5Vrx2zEDGpVbyOy23rB3o_zlE?usp=sharing<\/strong><\/a><\/p>\n<p><strong>Documentos Importantes para as Empresas de Avia\u00e7\u00e3o Agr\u00edcola:<br \/>\n<\/strong><em>(Clique\u00a0nos links para acessar)<\/em><\/p>\n<p><strong>1) Febraban:<\/strong><a href=\"https:\/\/sindag.org.br\/site-antigo\/wp-content\/uploads\/2020\/03\/Protocolo-de-manejo-clinico-para-o-novo-coronavirus-2019-ncov.pdf\" target=\"_blank\" rel=\"noopener noreferrer\"><br \/>\n<\/a>Link:\u00a0<em><a href=\"https:\/\/sindag.org.br\/site-antigo\/wp-content\/uploads\/2020\/03\/Febraban.pdf\">Febraba<\/a><a href=\"https:\/\/sindag.org.br\/site-antigo\/wp-content\/uploads\/2020\/03\/Febraban.pdf\">n<\/a><\/em><em><a href=\"https:\/\/sindag.org.br\/site-antigo\/wp-content\/uploads\/2020\/03\/Febraban.pdf\">\u00a0\u2013\u00a0Federa\u00e7\u00e3o Brasileira de Bancos<\/a><\/em><\/p>\n<p><strong>2) ANAC:<\/strong><br \/>\nLink:\u00a0<em><a href=\"https:\/\/sindag.org.br\/site-antigo\/wp-content\/uploads\/2020\/03\/SEI_ANAC-4165794-Ofi?cio-1.pdf\">SEI_ANAC \u2013 4165794 \u2013 Ofi?cio (1)<\/a><a href=\"https:\/\/sindag.org.br\/site-antigo\/wp-content\/uploads\/2020\/03\/Dica-para-os-associados-01-1.pdf\">Dica para os associados 01 (1)<\/a><\/em><\/p>\n<p><strong>3)\u00a0BNDES:<br \/>\n<\/strong>Link:<em>\u00a0<a href=\"https:\/\/sindag.org.br\/site-antigo\/wp-content\/uploads\/2020\/03\/BNDES.covid-1.pdf\">BNDES.covid<\/a><\/em><\/p>\n<p><strong>4)\u00a0Protocolo de manejo cl\u00ednico para o novo Coronav\u00edrus:<\/strong><em><a href=\"https:\/\/sindag.org.br\/site-antigo\/wp-content\/uploads\/2020\/03\/BNDES.covid-1.pdf\"><br \/>\n<\/a><\/em>Link:<em><a href=\"https:\/\/sindag.org.br\/site-antigo\/wp-content\/uploads\/2020\/03\/BNDES.covid-1.pdf\">\u00a0<\/a><a href=\"https:\/\/sindag.org.br\/site-antigo\/wp-content\/uploads\/2020\/03\/Protocolo-de-manejo-clinico-para-o-novo-coronavirus-2019-ncov.pdf\" target=\"_blank\" rel=\"noopener noreferrer\">Protocolo-de-manejo-clinico-para-o-novo-coronavirus-2019-ncov<\/a><\/em><\/p>\n<p><strong>5)\u00a0Dicas para as Empresas associadas:<br \/>\n<\/strong>Link:<em>\u00a0<a href=\"https:\/\/sindag.org.br\/site-antigo\/wp-content\/uploads\/2020\/03\/Dica-para-os-associados-01-1.pdf\">Dica para os associados<\/a><\/em><\/p>\n<p><strong>6)\u00a0Decreto 10.282<br \/>\n<\/strong><em>Do ponto de vista jur\u00eddico, o inciso XVI, do par\u00e1grafo 1\u00ba., do art. 3\u00ba., do Decreto 10282\/2020, expressamente prev\u00ea como essencial, \u201cpreven\u00e7\u00e3o, controle e erradica\u00e7\u00e3o de pragas dos vegetais e de doen\u00e7a dos animais\u201d. Logo, a continuidade da avia\u00e7\u00e3o agr\u00edcola est\u00e1 garantida pela legisla\u00e7\u00e3o<\/em><em><a href=\"https:\/\/sindag.org.br\/site-antigo\/wp-content\/uploads\/2020\/03\/Dica-para-os-associados-01-1.pdf\"><br \/>\n<\/a><\/em>Link:<em>\u00a0<a href=\"https:\/\/sindag.org.br\/site-antigo\/wp-content\/uploads\/2020\/03\/Decreto-10.282.pdf\">Decreto 10.282<\/a><a href=\"https:\/\/sindag.org.br\/site-antigo\/wp-content\/uploads\/2020\/03\/Dica-para-os-associados-01-1.pdf\"><br \/>\n<\/a><\/em><\/p>\n<p><strong>7) Quest\u00f5es Trabalhistas:<br \/>\n<\/strong>Link:<em><a href=\"https:\/\/sindag.org.br\/site-antigo\/wp-content\/uploads\/2020\/03\/Quest\u00f5es-trabalhistas.pdf\">Quest\u00f5es trabalhistas<\/a><\/em><strong><br \/>\n<\/strong><\/p>\n<p><strong>INFORMA\u00c7\u00d5ES IMPORTANTES\u00a0PARA AS EMPRESAS DE AVIA\u00c7\u00c3O AGR\u00cdCOLA<br \/>\n<\/strong><\/p>\n<p><strong>1) Sobre o isolamento:<\/strong><em><br \/>\n<\/em>Link:<em>\u00a0<\/em><em><a href=\"https:\/\/sindag.org.br\/site-antigo\/wp-content\/uploads\/2020\/03\/isolamento-2020.pdf.pdf\">isolamento 2020.pdf<\/a><\/em><\/p>\n<p><strong>2) Informa\u00e7\u00f5es \u2013 Minist\u00e9rio da Sa\u00fade<\/strong><a href=\"https:\/\/sindag.org.br\/site-antigo\/wp-content\/uploads\/2020\/03\/isolamento-2020.pdf.pdf\"><br \/>\n<\/a>Link:\u00a0<em><a href=\"https:\/\/sindag.org.br\/site-antigo\/wp-content\/uploads\/2020\/03\/Coronavi?rus_Informac?o?es_Minste?rio-da-Sau?de.pdf.pdf1_.pdf.pdf\">Coronavi?rus_Informac?o?es_Minste?rio da Sau?de.pdf.pdf(1).pdf<\/a><\/em><\/p>\n<p><strong>3)\u00a0Dicas de como melhorar a imunidade:\u00a0<\/strong><br \/>\nLink:\u00a0<em><a href=\"https:\/\/sindag.org.br\/site-antigo\/wp-content\/uploads\/2020\/03\/Melhorar-a-imunidade-em-tempos-de-coronav\u00edrus-7.pdf\" target=\"_blank\" rel=\"noopener noreferrer\">Melhorar a imunidade em tempos de coronav\u00edrus \u2013 7<\/a><\/em><\/p>\n<p><strong>4)<\/strong> <strong>Suspens\u00e3o por 90 dias da exclus\u00e3o por inadimplemento de parcelamento junto \u00e0 PROCURADORIA DA FAZENDA NACIONAL e de novos protestos de d\u00edvidas fiscais federais<\/strong><\/p>\n<p><em>Base legal<\/em>: PORTARIA N\u00ba 103, DE 17 DE MAR\u00c7O DE 2020, do Minist\u00e9rio da Economia (http:\/\/www.in.gov.br\/en\/web\/dou\/-\/portaria-n-103-de-17-de-marco-de-2020-248644107)<\/p>\n<p><strong>Site:<\/strong> <em><a href=\"https:\/\/www.pgfn.fazenda.gov.br\/noticias\/2020\/pgfn-suspende-prazos-e-atos-de-cobranca-durante-a-pandemia-pelo-novo-coronavirus-covid-19\/view\">https:\/\/www.pgfn.fazenda.gov.br\/noticias\/2020\/pgfn-suspende-prazos-e-atos-de-cobranca-durante-a-pandemia-pelo-novo-coronavirus-covid-19\/view<\/a><\/em><\/p>\n<p><strong>5)<\/strong> <strong>Prorroga\u00e7\u00e3o do SIMPLES NACIONAL: vencimento de abril, maio e junho fica prorrogado para outubro, novembro e dezembro, respectivamente<\/strong><\/p>\n<p><em>Base legal:<\/em> Resolu\u00e7\u00e3o CGSN n\u00ba 152, de 18 de mar\u00e7o de 2020<\/p>\n<p><strong>Site:<\/strong> <em><a href=\"http:\/\/www8.receita.fazenda.gov.br\/SimplesNacional\/Noticias\/NoticiaCompleta.aspx?id=ca133a99-c5a7-4374-b7d4-c8dce9472372\">http:\/\/www8.receita.fazenda.gov.br\/SimplesNacional\/Noticias\/NoticiaCompleta.aspx?id=ca133a99-c5a7-4374-b7d4-c8dce9472372<\/a><\/em><\/p>\n<p><strong>6)<\/strong> <strong>Prorroga\u00e7\u00e3o do FGTS: suspens\u00e3o por tr\u00eas meses da obriga\u00e7\u00e3o de pagar o Fundo de Garantia do Tempo de Servi\u00e7o (FGTS), com vencimento em abril, maio e junho de 2020, que poder\u00e1 ser realizado de forma parcelada, sem a incid\u00eancia da atualiza\u00e7\u00e3o, da multa e de encargos previstos, em at\u00e9 seis parcelas mensais, com vencimento no s\u00e9timo dia de cada m\u00eas, a partir de julho de 2020.<\/strong><\/p>\n<p><em>Base legal:<\/em> MEDIDA PROVIS\u00d3RIA N\u00ba 927, DE 22 DE MAR\u00c7O DE 2020, art. 19<\/p>\n<p><strong>Site:<\/strong> <em>http:\/\/www.planalto.gov.br\/ccivil_03\/_Ato2019-2022\/2020\/Mpv\/mpv927.htm<\/em><\/p>\n<p><strong>7) Dicas de preven\u00e7\u00e3o:<\/strong><\/p>\n<p><strong>1.<\/strong>\u00a0Aten\u00e7\u00e3o com as crian\u00e7as de seus colaboradores, pois com os cancelamentos de aulas, passar\u00e3o a ter dificuldades de quem ir\u00e1 cuidar delas. A indica\u00e7\u00e3o \u00e9 evitar ao m\u00e1ximo que fiquem com os av\u00f3s, em fun\u00e7\u00e3o de estarem dentro do principal grupo de risco;<br \/>\n<strong>2.<\/strong>\u00a0Aten\u00e7\u00e3o no contato com os clientes, pois muitos podem ter feito viagens ou at\u00e9 mesmo ter tido contato com algu\u00e9m que tenha o v\u00edrus. Importante orientar a todos dentro da empresa, para que tenham muita aten\u00e7\u00e3o nos m\u00ednimos detalhes e evitem contatos mais pr\u00f3ximos com clientes;<br \/>\n<strong>3.<\/strong>\u00a0Cuidar com as coisas compartilhadas dentro da empresas: toalhas, copo, talheres, mesas, ma\u00e7anetas de portas, cadeiras, etc, pois s\u00e3o uma das principais formas de contamina\u00e7\u00e3o;<br \/>\n<strong>4.<\/strong>\u00a0Aten\u00e7\u00e3o com quem os funcion\u00e1rios tem mantido relacionamento nestes dias, visto que todos possuem outros grupos que participam: esporte, igreja, bairro, escola, etc. A contamina\u00e7\u00e3o pode vir de qualquer lado;<br \/>\n<strong>5.<\/strong>\u00a0Oferecer os insumos necess\u00e1rios para a preven\u00e7\u00e3o dentro da empresa: \u00e1lcool em gel, toalhas descart\u00e1veis, sab\u00e3o, \u00e1gua, etc. E orientar de como devem utilizar;<br \/>\n<strong>6.<\/strong>\u00a0Caso for poss\u00edvel, os funcion\u00e1rios devem trabalhar o m\u00e1ximo do tempo poss\u00edvel de suas casas, evitando assim o contato com os demais colegas e clientes;<br \/>\n<strong>7.<\/strong>\u00a0Se tiver como mudar os hor\u00e1rios de trabalho, de alguma forma, para que se encontrem o m\u00ednimo poss\u00edvel dentro da empresa;<br \/>\n<strong>8.<\/strong>\u00a0Evitar fazer refei\u00e7\u00f5es compartilhadas dentro da empresa;<br \/>\n<strong>9.<\/strong>\u00a0Comunicar diariamente a todos os colaboradores da empresa, pedindo que falem com seus familiares, sobre a IMPORT\u00c2NCIA DA PREVEN\u00c7\u00c3O neste momento.<em><br \/>\n<\/em><\/p>\n<p><strong>8) Uso inadequado do \u00c1lcool em Gel:<\/strong><\/p>\n<p><em><a href=\"https:\/\/sindag.org.br\/site-antigo\/wp-content\/uploads\/2020\/05\/Safety-Alert-n\u00ba-07-2020-Uso-inadequado-do-\u00e1lcool-em-gel.pdf\"><strong>Link:<\/strong> Safety Alert n\u00ba 07 2020 \u2013 Uso inadequado do \u00e1lcool em gel<\/a><\/em><\/p>\n<p><strong>PRINCIPAIS MEDIDAS TRIBUT\u00c1RIAS FEDERAIS\u00a0<\/strong><strong>PARA CONTRIBUINTES EM GERAL<\/strong><\/p>\n<p>Segue resumo das principais medidas fiscais federais implementadas, em resposta \u00e0 calamidade p\u00fablica da epidemia do novo coronav\u00edrus.<\/p>\n<p><strong>1)\u00a0 Prorroga\u00e7\u00e3o do PIS, COFINS, CONTRIBUI\u00c7\u00c3O PREVIDENCI\u00c1RIA SOBRE FOLHA DE SAL\u00c1RIOS, SOBRE A RECEITA E SOBRE A PRODU\u00c7\u00c3O RURAL (FUNRURAL): <\/strong>prorroga contribui\u00e7\u00f5es PIS e COFINS, e Contribui\u00e7\u00e3o Previdenci\u00e1ria Patronal sobre folha de sal\u00e1rios (inclusive o SAT) de mar\u00e7o e abril para pagamento em agosto e outubro de 2020, respectivamente.<\/p>\n<p>Base legal: PORTARIA N\u00ba 139, DE 3 DE ABRIL DE 2020, e PORTARIA ME N\u00ba 150, DE 07 DE ABRIL DE 2020<\/p>\n<p><strong>Site: <\/strong><a href=\"http:\/\/www.planalto.gov.br\/CCIVIL_03\/Portaria\/PRT\/Portaria%20139-me.htm\">http:\/\/www.planalto.gov.br\/CCIVIL_03\/Portaria\/PRT\/Portaria%20139-me.htm<\/a><\/p>\n<p><strong>2)\u00a0 Redu\u00e7\u00e3o em 50% das CONTRIBUI\u00c7\u00d5ES DO SISTEMA S (Sescoop \u2013 Sesi \u2013 Sesc \u2013 Sest \u2013 Senac \u2013 Senai \u2013 Senat \u2013 Senar): <\/strong>contribui\u00e7\u00f5es de abril, maio e junho reduzidas pela metade.<\/p>\n<p>Base legal: MEDIDA PROVIS\u00d3RIA N\u00ba 932, DE 31 DE MAR\u00c7O DE 2020<\/p>\n<p><strong>Site:<\/strong>\u00a0 <a href=\"http:\/\/www.planalto.gov.br\/ccivil_03\/_Ato2019-2022\/2020\/Mpv\/mpv932.htm\">http:\/\/www.planalto.gov.br\/ccivil_03\/_Ato2019-2022\/2020\/Mpv\/mpv932.htm<\/a><\/p>\n<p><strong>3)\u00a0 N\u00e3o incid\u00eancia de CONTRIBUI\u00c7\u00c3O PREVIDENCI\u00c1RIA SOBRE O AUX\u00cdLIO DOEN\u00c7A, SE O AFASTAMENTO FOR DECORRENTE DO COVID-19<\/strong>: A empresa poder\u00e1 deduzir do repasse das contribui\u00e7\u00f5es \u00e0 previd\u00eancia social, observado o limite m\u00e1ximo do sal\u00e1rio de contribui\u00e7\u00e3o, o valor devido at\u00e9 15 dias de afastamento, desde que comprovadamente decorrente de sua contamina\u00e7\u00e3o pelo coronav\u00edrus (Covid-19).<\/p>\n<p>Base legal: LEI N\u00ba 13.982, DE 2 DE ABRIL DE 2020, art. 5\u00ba<\/p>\n<p><strong>Site: <\/strong><em><a href=\"http:\/\/www.planalto.gov.br\/CCIVIL_03\/_Ato2019-2022\/2020\/Lei\/L13982.htm\">http:\/\/www.planalto.gov.br\/CCIVIL_03\/_Ato2019-2022\/2020\/Lei\/L13982.htm<\/a><\/em><\/p>\n<p><strong>4)\u00a0 Prorroga\u00e7\u00e3o do SIMPLES NACIONAL: <\/strong>vencimento de abril, maio e junho fica prorrogado para outubro, novembro e dezembro, respectivamente<\/p>\n<p>Base legal: Resolu\u00e7\u00e3o CGSN n\u00ba 152, de 18 de mar\u00e7o de 2020<\/p>\n<p>Site: <em><a href=\"http:\/\/www8.receita.fazenda.gov.br\/SimplesNacional\/Noticias\/NoticiaCompleta.aspx?id=ca133a99-c5a7-4374-b7d4-c8dce9472372\">http:\/\/www8.receita.fazenda.gov.br\/SimplesNacional\/Noticias\/NoticiaCompleta.aspx?id=ca133a99-c5a7-4374-b7d4-c8dce9472372<\/a><\/em><\/p>\n<p><strong>5)\u00a0 Prorroga\u00e7\u00e3o do FGTS: <\/strong>suspens\u00e3o por tr\u00eas meses da obriga\u00e7\u00e3o de pagar o Fundo de Garantia do Tempo de Servi\u00e7o (FGTS), com vencimento em abril, maio e junho de 2020, que poder\u00e1 ser realizado de forma parcelada, sem a incid\u00eancia da atualiza\u00e7\u00e3o, da multa e de encargos previstos, em at\u00e9 seis parcelas mensais, com vencimento no s\u00e9timo dia de cada m\u00eas, a partir de julho de 2020.<\/p>\n<p><strong>Base legal: <\/strong>MEDIDA PROVIS\u00d3RIA N\u00ba 927, DE 22 DE MAR\u00c7O DE 2020, art. 19<\/p>\n<p><strong>Site: <\/strong><em><a href=\"http:\/\/www.planalto.gov.br\/ccivil_03\/_Ato2019-2022\/2020\/Mpv\/mpv927.htm\">http:\/\/www.planalto.gov.br\/ccivil_03\/_Ato2019-2022\/2020\/Mpv\/mpv927.htm<\/a><\/em><\/p>\n<p><strong>6)\u00a0 Isen\u00e7\u00e3o tribut\u00e1ria da \u201cajuda compensat\u00f3ria mensal\u201d<\/strong>: no caso de suspens\u00e3o de contrato ou redu\u00e7\u00e3o de jornada e de sal\u00e1rio, pode o empregador pagar uma \u201cajuda compensat\u00f3ria mensal\u201d, fixada em acordo individual ou coletivo com o empregado, que fica <strong>ISENTO DE CONTRIBUI\u00c7\u00c3O PREVIDENCI\u00c1RIA, IMPOSTO DE RENDA E FGTS. <\/strong><\/p>\n<p><strong>Base legal: <\/strong>MEDIDA PROVIS\u00d3RIA N\u00ba 936, DE 1\u00ba DE ABRIL DE 2020, art. 9\u00ba<\/p>\n<p><strong>Site: <\/strong><em><a href=\"http:\/\/www.planalto.gov.br\/CCIVIL_03\/_Ato2019-2022\/2020\/Mpv\/mpv936.htm\">http:\/\/www.planalto.gov.br\/CCIVIL_03\/_Ato2019-2022\/2020\/Mpv\/mpv936.htm<\/a><\/em><\/p>\n<p><strong>7) PRORROGA\u00c7\u00c3O DO PRAZO PARA PAGAMENTO DO TER\u00c7O CONSTITUCIONAL de f\u00e9rias: <\/strong>Para as f\u00e9rias concedidas durante o estado de calamidade p\u00fablica, o empregador poder\u00e1 optar por efetuar o pagamento do adicional de um ter\u00e7o de f\u00e9rias ap\u00f3s sua concess\u00e3o, at\u00e9 a data em que \u00e9 devida a gratifica\u00e7\u00e3o natalina (d\u00e9cimo terceiro sal\u00e1rio).<\/p>\n<p>Base legal: MEDIDA PROVIS\u00d3RIA N\u00ba 927, DE 22 DE MAR\u00c7O DE 2020, art. 8\u00ba<\/p>\n<p>Site:<em> <a href=\"http:\/\/www.planalto.gov.br\/ccivil_03\/_Ato2019-2022\/2020\/Mpv\/mpv927.htm\">http:\/\/www.planalto.gov.br\/ccivil_03\/_Ato2019-2022\/2020\/Mpv\/mpv927.htm<\/a><\/em><\/p>\n<p><strong>8) Suspens\u00e3o por 90 dias da exclus\u00e3o <\/strong>por inadimplemento <strong>de parcelamento<\/strong> junto \u00e0 PROCURADORIA DA FAZENDA NACIONAL e de novos protestos de d\u00edvidas fiscais federais<\/p>\n<p>Base legal: PORTARIA N\u00ba 103, DE 17 DE MAR\u00c7O DE 2020, do Minist\u00e9rio da Economia <strong>(<\/strong><em><a href=\"http:\/\/www.in.gov.br\/en\/web\/dou\/-\/portaria-n-103-de-17-de-marco-de-2020-248644107\">http:\/\/www.in.gov.br\/en\/web\/dou\/-\/portaria-n-103-de-17-de-marco-de-2020-248644107<\/a><\/em><strong>)<\/strong><\/p>\n<p><strong>Site: <\/strong><em><a href=\"https:\/\/www.pgfn.fazenda.gov.br\/noticias\/2020\/pgfn-suspende-prazos-e-atos-de-cobranca-durante-a-pandemia-pelo-novo-coronavirus-covid-19\/view\">https:\/\/www.pgfn.fazenda.gov.br\/noticias\/2020\/pgfn-suspende-prazos-e-atos-de-cobranca-durante-a-pandemia-pelo-novo-coronavirus-covid-19\/view<\/a><\/em><\/p>\n<p><strong>9) Parcelamento especial de d\u00e9bitos <\/strong>com a PROCURADORIA DA FAZENDA NACIONAL: contribuinte pode fazer transa\u00e7\u00e3o com a Procuradoria, pedir desconto de 50% e pagar em 84 meses, sendo de at\u00e9 100 (cem) meses na hip\u00f3tese de empres\u00e1rio individual, microempresa ou empresa de pequeno porte em recupera\u00e7\u00e3o judicial podendo ainda pedir per\u00edodo de car\u00eancia; passando a ter acesso \u00e0 Certid\u00e3o Negativa de D\u00e9bito (CPDEN \u2013 Certid\u00e3o Positiva D\u00e9bitos com Efeitos de Negativas) se n\u00e3o houver mais d\u00e9bitos.<\/p>\n<p>Base legal: Portaria n\u00ba 11.956, de 27 de novembro de 2019<strong> (<\/strong><em><a href=\"http:\/\/www.in.gov.br\/en\/web\/dou\/-\/portaria-n-11.956-de-27-de-novembro-de-2019-230453307\">http:\/\/www.in.gov.br\/en\/web\/dou\/-\/portaria-n-11.956-de-27-de-novembro-de-2019-230453307<\/a><\/em><strong>)<\/strong><\/p>\n<p>Site: <em><a href=\"https:\/\/www.pgfn.fazenda.gov.br\/servicos-e-orientacoes\/servicos-da-divida-ativa-da-uniao-dau\/acordo-de-transacao\/acordo-de-transacao-individual-proposto-pelo-devedor\">https:\/\/www.pgfn.fazenda.gov.br\/servicos-e-orientacoes\/servicos-da-divida-ativa-da-uniao-dau\/acordo-de-transacao\/acordo-de-transacao-individual-proposto-pelo-devedor<\/a><\/em><\/p>\n<p style=\"text-align: center;\"><span style=\"font-size: 24pt;\"><strong>PREVEN\u00c7\u00c3O<\/strong><\/span><\/p>\n<p>&nbsp;<\/p>\n<img loading=\"lazy\" decoding=\"async\" class=\"size-medium wp-image-1193 aligncenter\" src=\"https:\/\/sindag.org.br\/site-antigo\/wp-content\/uploads\/2020\/07\/Corona-300x297.png\" alt=\"\" width=\"920\" height=\"910\" srcset=\"https:\/\/sindag.org.br\/site-antigo\/wp-content\/uploads\/2020\/07\/Corona-300x297.png 300w, https:\/\/sindag.org.br\/site-antigo\/wp-content\/uploads\/2020\/07\/Corona-1024x1012.png 1024w, https:\/\/sindag.org.br\/site-antigo\/wp-content\/uploads\/2020\/07\/Corona-768x759.png 768w, https:\/\/sindag.org.br\/site-antigo\/wp-content\/uploads\/2020\/07\/Corona-125x125.png 125w, https:\/\/sindag.org.br\/site-antigo\/wp-content\/uploads\/2020\/07\/Corona.png 1200w\" sizes=\"auto, (max-width: 920px) 100vw, 920px\" \/>\n<p><iframe loading=\"lazy\" title=\"DR. CICERO COIMBRA; A MAIOR AUTORIDADE BRASILEIRA EM VITAMINA D | LEDA NAGLE\" width=\"680\" height=\"383\" src=\"https:\/\/www.youtube.com\/embed\/vhxLtSLOpuw?feature=oembed\" frameborder=\"0\" allow=\"accelerometer; autoplay; clipboard-write; encrypted-media; gyroscope; picture-in-picture\" allowfullscreen><\/iframe><\/p>\n<p><a href=\"https:\/\/coronavirus.saude.gov.br\/\">Para mais informa\u00e7\u00f5es, clique aqui.<\/a><\/p>\n","protected":false},"excerpt":{"rendered":"<p>Coronav\u00edrus \u00e9 uma fam\u00edlia de v\u00edrus que causam infec\u00e7\u00f5es respirat\u00f3rias. O novo agente do coronav\u00edrus foi descoberto em 31\/12\/19 ap\u00f3s casos registrados na China. Provoca a doen\u00e7a chamada de coronav\u00edrus (COVID-19). Os primeiros coronav\u00edrus humanos foram isolados pela primeira vez em 1937. No entanto, foi em 1965 que o v\u00edrus foi descrito como coronav\u00edrus, em&#8230;  <a class=\"excerpt-read-more\" href=\"https:\/\/sindag.org.br\/site-antigo\/coronavirus-covid-19\/\" title=\"Read Coronav\u00edrus (COVID-19)\">Leia mais &raquo;<\/a><\/p>\n","protected":false},"author":1,"featured_media":1191,"parent":0,"menu_order":0,"comment_status":"closed","ping_status":"closed","template":"","meta":{"_monsterinsights_skip_tracking":false,"_monsterinsights_sitenote_active":false,"_monsterinsights_sitenote_note":"","_monsterinsights_sitenote_category":0,"footnotes":"","_links_to":"","_links_to_target":""},"class_list":["post-1185","page","type-page","status-publish","has-post-thumbnail","hentry"],"_links":{"self":[{"href":"https:\/\/sindag.org.br\/site-antigo\/wp-json\/wp\/v2\/pages\/1185","targetHints":{"allow":["GET"]}}],"collection":[{"href":"https:\/\/sindag.org.br\/site-antigo\/wp-json\/wp\/v2\/pages"}],"about":[{"href":"https:\/\/sindag.org.br\/site-antigo\/wp-json\/wp\/v2\/types\/page"}],"author":[{"embeddable":true,"href":"https:\/\/sindag.org.br\/site-antigo\/wp-json\/wp\/v2\/users\/1"}],"replies":[{"embeddable":true,"href":"https:\/\/sindag.org.br\/site-antigo\/wp-json\/wp\/v2\/comments?post=1185"}],"version-history":[{"count":0,"href":"https:\/\/sindag.org.br\/site-antigo\/wp-json\/wp\/v2\/pages\/1185\/revisions"}],"wp:featuredmedia":[{"embeddable":true,"href":"https:\/\/sindag.org.br\/site-antigo\/wp-json\/wp\/v2\/media\/1191"}],"wp:attachment":[{"href":"https:\/\/sindag.org.br\/site-antigo\/wp-json\/wp\/v2\/media?parent=1185"}],"curies":[{"name":"wp","href":"https:\/\/api.w.org\/{rel}","templated":true}]}}