{"id":143,"date":"2020-05-04T07:04:08","date_gmt":"2020-05-04T10:04:08","guid":{"rendered":"https:\/\/sindag.org.br\/site-antigo\/?page_id=143"},"modified":"2023-05-15T11:43:24","modified_gmt":"2023-05-15T14:43:24","slug":"fatos-e-mitos","status":"publish","type":"page","link":"https:\/\/sindag.org.br\/site-antigo\/fatos-e-mitos\/","title":{"rendered":"Fatos e Mitos"},"content":{"rendered":"<p>&nbsp;<\/p>\n<p><a href=\"https:\/\/sindag.org.br\/site-antigo\/fatos-e-mitos\/mito-ha-um-uso-indiscriminado-da-aviacao\"><strong>MITO:<\/strong> H\u00e1 um uso indiscriminado da avia\u00e7\u00e3o<\/a><\/p>\n<p><a href=\"https:\/\/sindag.org.br\/site-antigo\/fatos-e-mitos\/mito-a-aviacao-e-responsavel-por-grande-parte-da-contaminacao-de-alimentos\/\"><strong>MITO:<\/strong> A avia\u00e7\u00e3o \u00e9 respons\u00e1vel por grande parte da contamina\u00e7\u00e3o de alimentos<\/a><\/p>\n<p><a href=\"https:\/\/sindag.org.br\/site-antigo\/fatos-e-mitos\/mito-as-aplicacoes-com-aviacao-agricola-sofrem-deriva\/\"><strong>MITO:<\/strong> As aplica\u00e7\u00f5es com avia\u00e7\u00e3o agr\u00edcola sofrem deriva<\/a><\/p>\n<p><a href=\"https:\/\/sindag.org.br\/site-antigo\/fatos-e-mitos\/mito-em-torno-de-70-a-99-o-percentual-varia-mas-e-sempre-exagerado-dos-produtos-aplicados-por-avioes-sao-perdidos-e-vao-para-escolas-hospitais-cidades-pracas-e-outros-locais\/\"><strong>MITO:<\/strong> Em torno de 70% a 99% (o percentual varia, mas \u00e9 sempre exagerado) dos produtos aplicados por avi\u00f5es s\u00e3o perdidos e v\u00e3o para escolas, hospitais, cidades, pra\u00e7as e outros locais<\/a><\/p>\n<p><a href=\"https:\/\/sindag.org.br\/site-antigo\/fatos-e-mitos\/fatos-aviacao-agricola-no-brasil\/\"><strong>FATOS:<\/strong> Avia\u00e7\u00e3o Agr\u00edcola no Brasil<\/a><\/p>\n<p><strong><a href=\"https:\/\/sindag.org.br\/site-antigo\/fatos-e-mitos\/legislacao-do-setor-aeroagricola-relacionada-ao-ministerio-da-agricultura-mapa\/\">Legisla\u00e7\u00e3o do setor aeroagr\u00edcola relacionada ao Minist\u00e9rio da Agricultura (Mapa)<\/a><\/strong><\/p>\n","protected":false},"excerpt":{"rendered":"<p>&nbsp; MITO: H\u00e1 um uso indiscriminado da avia\u00e7\u00e3o MITO: A avia\u00e7\u00e3o \u00e9 respons\u00e1vel por grande parte da contamina\u00e7\u00e3o de alimentos MITO: As aplica\u00e7\u00f5es com avia\u00e7\u00e3o agr\u00edcola sofrem deriva MITO: Em torno de 70% a 99% (o percentual varia, mas \u00e9 sempre exagerado) dos produtos aplicados por avi\u00f5es s\u00e3o perdidos e v\u00e3o para escolas, hospitais, cidades,&#8230;  <a class=\"excerpt-read-more\" href=\"https:\/\/sindag.org.br\/site-antigo\/fatos-e-mitos\/\" title=\"Read Fatos e Mitos\">Leia mais &raquo;<\/a><\/p>\n","protected":false},"author":1,"featured_media":2182,"parent":0,"menu_order":0,"comment_status":"closed","ping_status":"closed","template":"","meta":{"_monsterinsights_skip_tracking":false,"_monsterinsights_sitenote_active":false,"_monsterinsights_sitenote_note":"","_monsterinsights_sitenote_category":0,"footnotes":"","_links_to":"","_links_to_target":""},"class_list":["post-143","page","type-page","status-publish","has-post-thumbnail","hentry"],"_links":{"self":[{"href":"https:\/\/sindag.org.br\/site-antigo\/wp-json\/wp\/v2\/pages\/143","targetHints":{"allow":["GET"]}}],"collection":[{"href":"https:\/\/sindag.org.br\/site-antigo\/wp-json\/wp\/v2\/pages"}],"about":[{"href":"https:\/\/sindag.org.br\/site-antigo\/wp-json\/wp\/v2\/types\/page"}],"author":[{"embeddable":true,"href":"https:\/\/sindag.org.br\/site-antigo\/wp-json\/wp\/v2\/users\/1"}],"replies":[{"embeddable":true,"href":"https:\/\/sindag.org.br\/site-antigo\/wp-json\/wp\/v2\/comments?post=143"}],"version-history":[{"count":0,"href":"https:\/\/sindag.org.br\/site-antigo\/wp-json\/wp\/v2\/pages\/143\/revisions"}],"wp:featuredmedia":[{"embeddable":true,"href":"https:\/\/sindag.org.br\/site-antigo\/wp-json\/wp\/v2\/media\/2182"}],"wp:attachment":[{"href":"https:\/\/sindag.org.br\/site-antigo\/wp-json\/wp\/v2\/media?parent=143"}],"curies":[{"name":"wp","href":"https:\/\/api.w.org\/{rel}","templated":true}]}}