{"id":14468,"date":"2026-02-12T17:58:53","date_gmt":"2026-02-12T20:58:53","guid":{"rendered":"https:\/\/sindag.org.br\/site-antigo\/?page_id=14468"},"modified":"2026-03-05T10:20:35","modified_gmt":"2026-03-05T13:20:35","slug":"academia-brasileira-de-drones-agricolas","status":"publish","type":"page","link":"https:\/\/sindag.org.br\/site-antigo\/academia-brasileira-de-drones-agricolas\/","title":{"rendered":"Academia Brasileira de Drones Agr\u00edcolas"},"content":{"rendered":"<p><span style=\"color: #000000;\"><span style=\"font-weight: 400;\">A <strong>Academia Brasileira de Drones Agr\u00edcolas<\/strong><\/span><span style=\"font-weight: 400;\">\u00a0\u00e9 um evento t\u00e9cnico-educacional online, voltado \u00e0 capacita\u00e7\u00e3o de profissionais que atuam ou desejam atuar com\u00a0<\/span><b>pulveriza\u00e7\u00e3o agr\u00edcola por drones<\/b><span style=\"font-weight: 400;\">.<\/span><\/span><\/p>\n<p><span style=\"color: #000000;\"><span style=\"font-weight: 400;\">O programa foi desenvolvido para oferecer uma\u00a0<\/span><b>vis\u00e3o pr\u00e1tica, regulat\u00f3ria, tecnol\u00f3gica e gerencial<\/b><span style=\"font-weight: 400;\">, abordando desde fundamentos avan\u00e7ados de opera\u00e7\u00e3o at\u00e9 gest\u00e3o de custos, tecnologia de aplica\u00e7\u00e3o, boas pr\u00e1ticas agr\u00edcolas e tend\u00eancias de mercado.<\/span><\/span><\/p>\n<p><span style=\"color: #000000;\"><span style=\"font-weight: 400;\">O evento re\u00fane\u00a0<\/span><b>especialistas reconhecidos do setor<\/b><span style=\"font-weight: 400;\">, representantes de entidades reguladoras, ind\u00fastria de insumos, empresas de tecnologia e lideran\u00e7as t\u00e9cnicas, garantindo conte\u00fado atual, confi\u00e1vel e aplic\u00e1vel \u00e0 realidade do campo.<\/span><\/span><\/p>\n<ol start=\"3\">\n<li><span style=\"color: #000000;\"><b> OBJETIVOS DO EVENTO<\/b><\/span><\/li>\n<\/ol>\n<p><span style=\"font-weight: 400; color: #000000;\">A <strong>Academia Brasileira de Drones Agr\u00edcolas<\/strong> tem como objetivo promover a capacita\u00e7\u00e3o t\u00e9cnica, regulat\u00f3ria e gerencial dos profissionais envolvidos na pulveriza\u00e7\u00e3o agr\u00edcola com drones, contribuindo para a profissionaliza\u00e7\u00e3o e o fortalecimento do setor no Brasil. O evento busca disseminar boas pr\u00e1ticas operacionais, ampliar o conhecimento sobre a legisla\u00e7\u00e3o vigente, incentivar a ado\u00e7\u00e3o de tecnologias de aplica\u00e7\u00e3o mais eficientes e seguras, al\u00e9m de apoiar a tomada de decis\u00e3o por meio de informa\u00e7\u00f5es t\u00e9cnicas, econ\u00f4micas e de mercado. Ao reunir especialistas, entidades representativas e a ind\u00fastria, a iniciativa tamb\u00e9m visa estimular a integra\u00e7\u00e3o entre os diversos elos da cadeia, fomentando inova\u00e7\u00e3o, efici\u00eancia operacional, sustentabilidade e conformidade regulat\u00f3ria.<\/span><\/p>\n<a href=\"https:\/\/www.even3.com.br\/academiadedrones-691973\/\"><img loading=\"lazy\" decoding=\"async\" class=\"aligncenter wp-image-2146\" src=\"https:\/\/sindag.org.br\/site-antigo\/wp-content\/uploads\/2020\/07\/bot\u00e3o-inscreva-se.png\" alt=\"Inscreva-se aqui!\" width=\"196\" height=\"58\" \/><\/a>\n<p>&nbsp;<\/p>\n<ol start=\"4\">\n<li style=\"text-align: center;\">\n<h2><span style=\"color: #000000;\"><b>PROGRAMA\u00c7\u00c3O OFICIAL<\/b><\/span><\/h2>\n<\/li>\n<li><\/li>\n<\/ol>\n<p><span style=\"color: #000000;\"><b>17 de mar\u00e7o \u2014 Fundamentos Avan\u00e7ados e Opera\u00e7\u00e3o Profissional<\/b><\/span><\/p>\n<p><span style=\"color: #000000;\"><b>19h \u2014 Abertura: Evolu\u00e7\u00e3o da Pulveriza\u00e7\u00e3o A\u00e9rea com Drones<\/b><span style=\"font-weight: 400;\"><br \/>\n<\/span><span style=\"font-weight: 400;\">Panorama t\u00e9cnico, desafios atuais e tend\u00eancias para os pr\u00f3ximos anos.<\/span><span style=\"font-weight: 400;\"><br \/>\n<\/span><b>Palestrante:<\/b><span style=\"font-weight: 400;\">\u00a0Cl\u00e1udio J\u00fanior (Diretor Operacional do SINDAG)<\/span><\/span><\/p>\n<p><span style=\"color: #000000;\"><b>20h \u2014 Regulamenta\u00e7\u00e3o Espec\u00edfica para Pulveriza\u00e7\u00e3o<\/b><span style=\"font-weight: 400;\"><br \/>\n<\/span><span style=\"font-weight: 400;\">Regras da ANAC, MAPA e ANVISA; requisitos operacionais; documenta\u00e7\u00e3o; boas pr\u00e1ticas de compliance.<\/span><span style=\"font-weight: 400;\"><br \/>\n<\/span><b>Palestrantes:<\/b><span style=\"font-weight: 400;\">\u00a0Paloma e Allan (Coordenadores do agr\u00edcola Mossman)<\/span><\/span><\/p>\n<p><span style=\"color: #000000;\"><b>21h \u2014 Gest\u00e3o de Frota<\/b><span style=\"font-weight: 400;\"><br \/>\n<\/span><span style=\"font-weight: 400;\">Reabastecimento r\u00e1pido, troca de baterias, organiza\u00e7\u00e3o de equipe, telemetria e manuten\u00e7\u00e3o preditiva.<\/span><span style=\"font-weight: 400;\"><br \/>\n<\/span><b>Palestrante:<\/b><span style=\"font-weight: 400;\">\u00a0<\/span><span style=\"font-weight: 400;\">Josu\u00e9 Andreas Vieira (Agente de Extens\u00e3o\u00a0 Rural da EPAGRI)<\/span><\/span><\/p>\n<p>&nbsp;<\/p>\n<p><span style=\"color: #000000;\"><b>18 de mar\u00e7o \u2014 Efici\u00eancia, Tecnologia e Gest\u00e3o da Opera\u00e7\u00e3o<\/b><\/span><\/p>\n<p><span style=\"color: #000000;\"><b>19h \u2014 Bulas de Produtos e Drones de Pulveriza\u00e7\u00e3o<\/b><span style=\"font-weight: 400;\"><br \/>\n<\/span><b>Palestrante:<\/b><span style=\"font-weight: 400;\">\u00a0F\u00e1bio Kagi (Gerente de assuntos regulat\u00f3rios da SINDIVEG<\/span><\/span><\/p>\n<p><span style=\"color: #000000;\"><b>20h \u2014 Tecnologia de Aplica\u00e7\u00e3o<\/b><span style=\"font-weight: 400;\"><br \/>\n<\/span><b>Palestrante:<\/b><span style=\"font-weight: 400;\">\u00a0Henrique Lemos (Coordenador de tecnologia de aplica\u00e7\u00e3o da Bayer CropScience)<\/span><\/span><\/p>\n<p><span style=\"color: #000000;\"><b>21h \u2014 Boas Pr\u00e1ticas Agr\u00edcolas (Capacita\u00e7\u00e3o do Aplicador Legal)<\/b><b><br \/>\n<\/b><b>e Informa\u00e7\u00f5es de Mercado do Setor (CropData)<\/b><span style=\"font-weight: 400;\"><br \/>\n<\/span><b>Palestrante:<\/b><span style=\"font-weight: 400;\">\u00a0Pedro Duarte (Coordenador de Sustentabilidade da CropLife Brasil)<\/span><\/span><\/p>\n<p>&nbsp;<\/p>\n<p><span style=\"color: #000000;\"><b>19 de mar\u00e7o \u2014 Custos, Calibra\u00e7\u00e3o e Qualidade de Aplica\u00e7\u00e3o<\/b><\/span><\/p>\n<p><span style=\"color: #000000;\"><b>19h \u2014 Estrutura de Custos de uma Opera\u00e7\u00e3o de Pulveriza\u00e7\u00e3o com Drones<\/b><span style=\"font-weight: 400;\"><br \/>\n<\/span><span style=\"font-weight: 400;\">C\u00e1lculo de custo por hectare e por hora; deprecia\u00e7\u00e3o; baterias; manuten\u00e7\u00e3o; equipe; log\u00edstica; reposi\u00e7\u00e3o de pe\u00e7as; aplica\u00e7\u00e3o do\u00a0<\/span><b>\u00cdndice IAVAG<\/b><span style=\"font-weight: 400;\">.<\/span><span style=\"font-weight: 400;\"><br \/>\n<\/span><b>Palestrantes:<\/b><span style=\"font-weight: 400;\">\u00a0Cl\u00e1udio J\u00fanior (diretor operacional do SINDAG) e Dieiriane Flores (estagi\u00e1ria em economia do SINDAG e IBRAVAG)\u00a0<\/span><\/span><\/p>\n<p><span style=\"color: #000000;\"><b>20h \u2014 Din\u00e2mica da Gota, Tecnologia de Bicos e Calibra\u00e7\u00e3o Avan\u00e7ada<\/b><span style=\"font-weight: 400;\"><br \/>\n<\/span><span style=\"font-weight: 400;\">Tamanho de gota, deriva, press\u00e3o, vaz\u00e3o, altura de voo, influ\u00eancia do clima, sele\u00e7\u00e3o de bicos, ajustes de bomba, velocidade, largura de faixa e testes de uniformidade.<\/span><span style=\"font-weight: 400;\"><br \/>\n<\/span><b>Palestrante:<\/b><span style=\"font-weight: 400;\">\u00a0Edney Leandro da Vit\u00f3ria (<\/span><span style=\"font-weight: 400;\">Professor Doutor da Universidade Federal do Esp\u00edrito Santo)<\/span><\/span><\/p>\n<p><span style=\"color: #000000;\"><b>21h \u2014 Licenciamento ambiental para opera\u00e7\u00f5es com drones agr\u00edcolas\u00a0<\/b><\/span><\/p>\n<p><span style=\"color: #000000;\"><b>Palestrante:<\/b><span style=\"font-weight: 400;\"> Leticia Albino Sanomia (S\u00f3cia e propriet\u00e1ria da Albino Kalife)\u00a0<\/span><\/span><\/p>\n<p>&nbsp;<\/p>\n","protected":false},"excerpt":{"rendered":"<p>A Academia Brasileira de Drones Agr\u00edcolas\u00a0\u00e9 um evento t\u00e9cnico-educacional online, voltado \u00e0 capacita\u00e7\u00e3o de profissionais que atuam ou desejam atuar com\u00a0pulveriza\u00e7\u00e3o agr\u00edcola por drones. O programa foi desenvolvido para oferecer uma\u00a0vis\u00e3o pr\u00e1tica, regulat\u00f3ria, tecnol\u00f3gica e gerencial, abordando desde fundamentos avan\u00e7ados de opera\u00e7\u00e3o at\u00e9 gest\u00e3o de custos, tecnologia de aplica\u00e7\u00e3o, boas pr\u00e1ticas agr\u00edcolas e tend\u00eancias de&#8230;  <a class=\"excerpt-read-more\" href=\"https:\/\/sindag.org.br\/site-antigo\/academia-brasileira-de-drones-agricolas\/\" title=\"Read Academia Brasileira de Drones Agr\u00edcolas\">Leia mais &raquo;<\/a><\/p>\n","protected":false},"author":7,"featured_media":0,"parent":0,"menu_order":0,"comment_status":"closed","ping_status":"closed","template":"","meta":{"_monsterinsights_skip_tracking":false,"_monsterinsights_sitenote_active":false,"_monsterinsights_sitenote_note":"","_monsterinsights_sitenote_category":0,"footnotes":"","_links_to":"","_links_to_target":""},"class_list":["post-14468","page","type-page","status-publish","hentry"],"_links":{"self":[{"href":"https:\/\/sindag.org.br\/site-antigo\/wp-json\/wp\/v2\/pages\/14468","targetHints":{"allow":["GET"]}}],"collection":[{"href":"https:\/\/sindag.org.br\/site-antigo\/wp-json\/wp\/v2\/pages"}],"about":[{"href":"https:\/\/sindag.org.br\/site-antigo\/wp-json\/wp\/v2\/types\/page"}],"author":[{"embeddable":true,"href":"https:\/\/sindag.org.br\/site-antigo\/wp-json\/wp\/v2\/users\/7"}],"replies":[{"embeddable":true,"href":"https:\/\/sindag.org.br\/site-antigo\/wp-json\/wp\/v2\/comments?post=14468"}],"version-history":[{"count":0,"href":"https:\/\/sindag.org.br\/site-antigo\/wp-json\/wp\/v2\/pages\/14468\/revisions"}],"wp:attachment":[{"href":"https:\/\/sindag.org.br\/site-antigo\/wp-json\/wp\/v2\/media?parent=14468"}],"curies":[{"name":"wp","href":"https:\/\/api.w.org\/{rel}","templated":true}]}}