{"id":2208,"date":"2020-08-14T15:26:05","date_gmt":"2020-08-14T18:26:05","guid":{"rendered":"https:\/\/sindag.org.br\/site-antigo\/?page_id=2208"},"modified":"2023-05-08T08:41:17","modified_gmt":"2023-05-08T11:41:17","slug":"rede-brasil-institucional-aeroagricola","status":"publish","type":"page","link":"https:\/\/sindag.org.br\/site-antigo\/rede-brasil-institucional-aeroagricola\/","title":{"rendered":"Rede Brasil Institucional Aeroagr\u00edcola"},"content":{"rendered":"<a href=\"https:\/\/sindag.org.br\/site-antigo\/wp-content\/uploads\/2020\/08\/WhatsApp-Image-2020-08-12-at-11.10.01.jpeg\"><img loading=\"lazy\" decoding=\"async\" class=\"aligncenter wp-image-2210\" src=\"https:\/\/sindag.org.br\/site-antigo\/wp-content\/uploads\/2020\/08\/WhatsApp-Image-2020-08-12-at-11.10.01.jpeg\" alt=\"\" width=\"436\" height=\"312\" \/><\/a>\n<pre><span style=\"color: #ffffff; font-size: 18pt;\"><strong>SOBRE a Rede Brasil Institucional Aeroagr\u00edcola<\/strong><\/span><\/pre>\n<p style=\"text-align: left;\">Um grupo composto por entidades do Agroneg\u00f3cio, Aeron\u00e1uticas e Militares, que cooperam em prol das boas pr\u00e1ticas aeroagr\u00edcolas nos servi\u00e7os que a avia\u00e7\u00e3o agr\u00edcola presta por avi\u00f5es, helicopteros e drones em semeadura, aplica\u00e7\u00e3o de defensivos agr\u00edcolas, povoamento de rios e lagos com alevinos e no combate a inc\u00eandios florestais.<\/p>\n<blockquote>\n<p style=\"text-align: left;\">Entidades unidas para a dissemina\u00e7\u00e3o de conhecimento, fomentando o desenvolvimento do setor aeroagr\u00edcola (avi\u00f5es, helic\u00f3pteros e drones) e contribuindo com a seguran\u00e7a ambiental e operacional.<\/p>\n<\/blockquote>\n<p>&nbsp;<\/p>\n<p><strong>REGISTROS DAS M\u00cdDIAS NACIONAIS SOBRE A REDE BRASIL<\/strong><\/p>\n<p><a href=\"https:\/\/tvterraviva.band.uol.com.br\/noticia\/100000997728\/mercado-de-aviacao-agricola-cresce-no-brasil.html\" target=\"_blank\" rel=\"noopener noreferrer\">* Canal Terra Viva &#8211; BAND &#8211; <strong><em>Clique aqui!<\/em><\/strong><\/a><\/p>\n<p>&nbsp;<\/p>\n<pre><span style=\"color: #ffffff;\"><strong><span style=\"font-size: 18pt;\">ENTIDADES, UNIVERSIDADES E EMPRESAS PARTICIPANTES<\/span><\/strong><\/span><\/pre>\n<p style=\"text-align: left;\"><span style=\"font-size: 14pt;\"><strong>ENTIDADES<\/strong><\/span><\/p>\n<ul style=\"list-style-type: disc;\">\n<li>AENDA &#8211; ASSOCIA\u00c7\u00c3O BRASILEIRA DE DEFENSIVOS P\u00d3S PATENTE &#8211; <a href=\"http:\/\/www.aenda.org.br\/\"><strong>Clique aqui!<\/strong><\/a><\/li>\n<li>CROPLIFE BRASIL<\/li>\n<li>SINDIVEG &#8211; SINDICATO NACIONAL DA IND\u00daSTRIA DE PRODUTOS PARA DEFESA VEGETAL &#8211; <a href=\"https:\/\/sindiveg.org.br\/\"><strong>Clique aqui!<\/strong><\/a><\/li>\n<li>UNICA &#8211; UNI\u00c3O DA IND\u00daSTRIA DA CANA-DE-A\u00c7UCAR &#8211; <a href=\"https:\/\/unica.com.br\/\"><strong>Clique aqui!<\/strong><\/a><\/li>\n<li>SINDICATO RURAL DE CIANORTE &#8211; <a href=\"https:\/\/sindicatoruraldecianorte.com.br\/site\/\"><strong>Clique aqui!<\/strong><\/a><\/li>\n<li>FAEP &#8211; FEDERA\u00c7\u00c3O DE AGRICULTURA DO ESTADO DO PARAN\u00c1 &#8211;<a href=\"https:\/\/sistemafaep.org.br\/\"><strong> Clique aqui!<\/strong><\/a><\/li>\n<li>IBA &#8211; Associa\u00e7\u00e3o Brasileira de \u00c1rvores &#8211; <a href=\"https:\/\/iba.org\/\"><strong>Clique aqui!<\/strong><\/a><\/li>\n<li>APROSOJA MATO GROSSO &#8211; <a href=\"http:\/\/www.aprosoja.com.br\/\"><strong>Clique aqui!<\/strong><\/a><\/li>\n<li>AGRICULTURA FORTE &#8211; ESP\u00cdRITO SANTO <a href=\"http:\/\/www.agriculturaforte.com\/\"><strong>&#8211; Clique aqui!<\/strong><\/a><\/li>\n<\/ul>\n<p>&nbsp;<\/p>\n<p><strong>\u00d3RG\u00c3OS DE FISCALIZA\u00c7\u00c3O<br \/>\n<\/strong><\/p>\n<ul style=\"list-style-type: disc;\">\n<li>IAGRO &#8211; Ag\u00eancia Estadual de Defesa Sanit\u00e1ria Animal e Vegetal do MS &#8211; <a href=\"https:\/\/www.iagro.ms.gov.br\/\"><strong>Clique aqui!<\/strong><\/a><\/li>\n<\/ul>\n<p>&nbsp;<\/p>\n<p style=\"text-align: left;\"><span style=\"font-size: 14pt;\"><strong>UNIVERDADES<\/strong><\/span><\/p>\n<ul style=\"list-style-type: disc;\">\n<li>UNICRUZ &#8211; UNIVERSIDADE DE CRUZ ALTA &#8211; <a href=\"https:\/\/home.unicruz.edu.br\/\"><strong>Clique aqui!<\/strong><\/a><\/li>\n<li>UFSCAR &#8211; UNIVERSIDADE FEDERAL DE S\u00c3O CARLOS &#8211; <a href=\"https:\/\/www2.ufscar.br\/\"><strong>Clique aqui!<\/strong><\/a><\/li>\n<li>IMED &#8211; Universidade &#8211; <a href=\"https:\/\/www.imed.edu.br\"><strong>Cliquei aqui!<\/strong><\/a><\/li>\n<li>UNIFIL &#8211; Universidade &#8211; <strong><a href=\"http:\/\/www.unifil.br\">Clique aqui!<\/a><\/strong><\/li>\n<\/ul>\n<p style=\"text-align: left;\"><span style=\"font-size: 14pt;\"><strong>EMPRESAS<\/strong><\/span><\/p>\n<ul style=\"list-style-type: disc;\">\n<li>AIR TRACTOR FABRICANTE DE AERONAVES &#8211; <strong><a href=\"https:\/\/airtractor.com\/pt-br\/\">Clique aqui!<\/a> <\/strong><\/li>\n<li>SYNGENTA &#8211; <a href=\"https:\/\/www.syngenta.com.br\/\"><strong>Clique aqui!<\/strong><\/a><\/li>\n<li>MOSSMANN ASSESSORIA E CONSULTORIA &#8211; <a href=\"https:\/\/www.facebook.com\/mossmann.cleriaregina.1\"><strong>Clique aqui!<\/strong><\/a><\/li>\n<li>PERFECT FLIGHT &#8211; <a href=\"https:\/\/perfectflight.com.br\/\"><strong>Clique aqui!<\/strong><\/a><\/li>\n<\/ul>\n<p>&nbsp;<\/p>\n<pre><span style=\"color: #ffffff;\"><strong><span style=\"font-size: 18pt;\">OBJETIVOS DA REDE BRASIL\r\n<\/span><\/strong><\/span><\/pre>\n<ul style=\"list-style-type: disc;\">\n<li>Criar uma rede de entidades que promovam as boas pr\u00e1ticas do setor;<\/li>\n<li>Fomentar o trabalho em conjunto das principais entidades do agroneg\u00f3cio brasileiro;<\/li>\n<li>Alavancar a melhoria da avia\u00e7\u00e3o agr\u00edcola brasileira.<\/li>\n<\/ul>\n<p>&nbsp;<\/p>\n<a href=\"https:\/\/forms.gle\/Uz8NkVUkZSMw3Ndt8\" target=\"_blank\" rel=\"noopener noreferrer\"><img loading=\"lazy\" decoding=\"async\" class=\"aligncenter wp-image-2226\" src=\"https:\/\/sindag.org.br\/site-antigo\/wp-content\/uploads\/2020\/08\/BOTAO.png\" alt=\"\" width=\"265\" height=\"73\" \/><\/a>\n<pre><span style=\"color: #ffffff; font-size: 18pt;\"><strong>A\u00c7\u00d5ES E ENTREGAS DA REDE BRASIL<\/strong> <\/span><\/pre>\n<ul style=\"list-style-type: disc;\">\n<li>Atualiza\u00e7\u00e3o sobre os Projetos de Lei que cont\u00e9m o tema avia\u00e7\u00e3o agr\u00edcola;<\/li>\n<li>Discuss\u00e3o sobre Projetos de Lei;<\/li>\n<li>Instru\u00e7\u00e3o Normativa de Drones e da Avia\u00e7\u00e3o Agr\u00edcola;<\/li>\n<li>Grupos de trabalho para desafios espec\u00edficos do setor;<\/li>\n<li>Discuss\u00e3o de projetos de incentivo ao setor;<\/li>\n<li>Campanha institucional para promover o setor;<\/li>\n<li>A\u00e7\u00f5es de desenvolvimento do setor;<\/li>\n<\/ul>\n<p>&nbsp;<\/p>\n<ul style=\"list-style-type: disc;\">\n<li><strong>Acesso de todos os participantes ao SISVAG &#8211; Sistema Nacional de Documenta\u00e7\u00e3o da Avia\u00e7\u00e3o Agr\u00edcola<\/strong><\/li>\n<\/ul>\n<p>&nbsp;<\/p>\n<pre><strong><span style=\"color: #ffffff; font-size: 18pt;\">AGENDA DE EVENTOS<\/span><\/strong><\/pre>\n<ul style=\"list-style-type: disc;\">\n<li>19 de Agosto de 2020 &#8211; Encontro Virtual<\/li>\n<li>25 de Novembro de 2020 &#8211; Encontro Virtual<\/li>\n<\/ul>\n<p>&nbsp;<\/p>\n<pre><span style=\"color: #ffffff; font-size: 18pt;\"><strong>Como minha institui\u00e7\u00e3o pode participar?<\/strong><\/span><\/pre>\n<p><strong><a href=\"https:\/\/forms.gle\/bgam1p7TxJrbN72J9\">Clique aqui<\/a>,<\/strong> preencha o termo de coopera\u00e7\u00e3o e envie. Em no m\u00e1ximo 48h a resposta ser\u00e1 enviada para o e-mail indicado. A institui\u00e7\u00e3o ser\u00e1 validada pela diretoria do SINDAG.<\/p>\n<p>Caso tenha necessidade das informa\u00e7\u00f5es em word, clique no link abaixo e fa\u00e7a o download do termo.<br \/>\n<a href=\"https:\/\/sindag.org.br\/site-antigo\/wp-content\/uploads\/2020\/08\/SINDAG-e-Rede-Brasil-Intitucional-Aeroagricola-TERMO-DE-COOPERACAO-Entidades-19.08.2020_WEB.docx\"><strong>SINDAG e Rede Brasil Intitucional Aeroagr\u00edcola &#8211; TERMO DE COOPERA\u00c7\u00c3O Entidades 19.08.2020_WEB<\/strong><\/a><\/p>\n<ul>\n<li>Projetos de Lei &#8211; 2021<\/li>\n<\/ul>\n<p>&nbsp;<\/p>\n<p style=\"text-align: center;\"><a href=\"https:\/\/forms.gle\/Uz8NkVUkZSMw3Ndt8\" target=\"_blank\" rel=\"noopener noreferrer\"><img loading=\"lazy\" decoding=\"async\" class=\"aligncenter wp-image-2226\" src=\"https:\/\/sindag.org.br\/site-antigo\/wp-content\/uploads\/2020\/08\/BOTAO.png\" alt=\"\" width=\"265\" height=\"73\" \/><\/a><\/p>\n<hr \/>\n<a href=\"https:\/\/sindag.org.br\/site-antigo\/wp-content\/uploads\/2020\/08\/WhatsApp-Image-2020-08-12-at-11.10.01-e1597429832561.jpeg\"><img loading=\"lazy\" decoding=\"async\" class=\"wp-image-2210 aligncenter\" src=\"https:\/\/sindag.org.br\/site-antigo\/wp-content\/uploads\/2020\/08\/WhatsApp-Image-2020-08-12-at-11.10.01-e1597429832561.jpeg\" alt=\"\" width=\"371\" height=\"282\" srcset=\"https:\/\/sindag.org.br\/site-antigo\/wp-content\/uploads\/2020\/08\/WhatsApp-Image-2020-08-12-at-11.10.01-e1597429832561.jpeg 928w, https:\/\/sindag.org.br\/site-antigo\/wp-content\/uploads\/2020\/08\/WhatsApp-Image-2020-08-12-at-11.10.01-e1597429832561-720x546.jpeg 720w, https:\/\/sindag.org.br\/site-antigo\/wp-content\/uploads\/2020\/08\/WhatsApp-Image-2020-08-12-at-11.10.01-e1597429832561-768x583.jpeg 768w\" sizes=\"auto, (max-width: 371px) 100vw, 371px\" \/><\/a>\n<p>&nbsp;<\/p>\n","protected":false},"excerpt":{"rendered":"<p>SOBRE a Rede Brasil Institucional Aeroagr\u00edcola Um grupo composto por entidades do Agroneg\u00f3cio, Aeron\u00e1uticas e Militares, que cooperam em prol das boas pr\u00e1ticas aeroagr\u00edcolas nos servi\u00e7os que a avia\u00e7\u00e3o agr\u00edcola presta por avi\u00f5es, helicopteros e drones em semeadura, aplica\u00e7\u00e3o de defensivos agr\u00edcolas, povoamento de rios e lagos com alevinos e no combate a inc\u00eandios florestais&#8230;.  <a class=\"excerpt-read-more\" href=\"https:\/\/sindag.org.br\/site-antigo\/rede-brasil-institucional-aeroagricola\/\" title=\"Read Rede Brasil Institucional Aeroagr\u00edcola\">Leia mais &raquo;<\/a><\/p>\n","protected":false},"author":5,"featured_media":2223,"parent":0,"menu_order":0,"comment_status":"closed","ping_status":"closed","template":"","meta":{"_monsterinsights_skip_tracking":false,"_monsterinsights_sitenote_active":false,"_monsterinsights_sitenote_note":"","_monsterinsights_sitenote_category":0,"footnotes":"","_links_to":"","_links_to_target":""},"class_list":["post-2208","page","type-page","status-publish","has-post-thumbnail","hentry"],"_links":{"self":[{"href":"https:\/\/sindag.org.br\/site-antigo\/wp-json\/wp\/v2\/pages\/2208","targetHints":{"allow":["GET"]}}],"collection":[{"href":"https:\/\/sindag.org.br\/site-antigo\/wp-json\/wp\/v2\/pages"}],"about":[{"href":"https:\/\/sindag.org.br\/site-antigo\/wp-json\/wp\/v2\/types\/page"}],"author":[{"embeddable":true,"href":"https:\/\/sindag.org.br\/site-antigo\/wp-json\/wp\/v2\/users\/5"}],"replies":[{"embeddable":true,"href":"https:\/\/sindag.org.br\/site-antigo\/wp-json\/wp\/v2\/comments?post=2208"}],"version-history":[{"count":0,"href":"https:\/\/sindag.org.br\/site-antigo\/wp-json\/wp\/v2\/pages\/2208\/revisions"}],"wp:featuredmedia":[{"embeddable":true,"href":"https:\/\/sindag.org.br\/site-antigo\/wp-json\/wp\/v2\/media\/2223"}],"wp:attachment":[{"href":"https:\/\/sindag.org.br\/site-antigo\/wp-json\/wp\/v2\/media?parent=2208"}],"curies":[{"name":"wp","href":"https:\/\/api.w.org\/{rel}","templated":true}]}}