{"id":4158,"date":"2021-04-01T10:19:32","date_gmt":"2021-04-01T13:19:32","guid":{"rendered":"https:\/\/sindag.org.br\/site-antigo\/?page_id=4158"},"modified":"2021-04-07T19:28:16","modified_gmt":"2021-04-07T22:28:16","slug":"universidade-corporativa-da-aviacao-agricola","status":"publish","type":"page","link":"https:\/\/sindag.org.br\/site-antigo\/universidade-corporativa-da-aviacao-agricola\/","title":{"rendered":"UNIVERSIDADE CORPORATIVA DA AVIA\u00c7\u00c3O AGR\u00cdCOLA"},"content":{"rendered":"<pre><span style=\"font-size: 18pt;\"><strong>SOBRE A UCAA\r\n<\/strong><\/span><\/pre>\n<img loading=\"lazy\" decoding=\"async\" class=\"wp-image-4157 aligncenter\" src=\"https:\/\/sindag.org.br\/site-antigo\/wp-content\/uploads\/2021\/04\/WhatsApp-Image-2021-04-01-at-08.29.50-720x720.jpeg\" alt=\"\" width=\"461\" height=\"461\" srcset=\"https:\/\/sindag.org.br\/site-antigo\/wp-content\/uploads\/2021\/04\/WhatsApp-Image-2021-04-01-at-08.29.50-720x720.jpeg 720w, https:\/\/sindag.org.br\/site-antigo\/wp-content\/uploads\/2021\/04\/WhatsApp-Image-2021-04-01-at-08.29.50-480x480.jpeg 480w, https:\/\/sindag.org.br\/site-antigo\/wp-content\/uploads\/2021\/04\/WhatsApp-Image-2021-04-01-at-08.29.50-768x768.jpeg 768w, https:\/\/sindag.org.br\/site-antigo\/wp-content\/uploads\/2021\/04\/WhatsApp-Image-2021-04-01-at-08.29.50-125x125.jpeg 125w, https:\/\/sindag.org.br\/site-antigo\/wp-content\/uploads\/2021\/04\/WhatsApp-Image-2021-04-01-at-08.29.50.jpeg 1280w\" sizes=\"auto, (max-width: 461px) 100vw, 461px\" \/>\n<p>A UCAA \u00e9 a mais nova plataforma de cursos do SINDAG que visa capacitar as pessoas que atuam nas empresas de avia\u00e7\u00e3o agr\u00edcola e tamb\u00e9m os futuros profissionais do setor.<\/p>\n<pre><strong><span style=\"font-size: 18pt;\">PERFIL DOS CURSOS<\/span><\/strong><\/pre>\n<p>Cursos focados no dia a dia das empresas do setor, com dicas pr\u00e1ticas para a busca de melhores resultados.<\/p>\n<pre><strong><span style=\"font-size: 18pt;\">CURSOS DISPON\u00cdVEIS<\/span><\/strong><\/pre>\n<p>1. B\u00e1sico de combate a inc\u00eandios em cobertura vegetal com o uso de avi\u00e3o agr\u00edcola<\/p>\n<p style=\"text-align: center;\"><a href=\"https:\/\/sindag.org.br\/site-antigo\/curso-basico-de-combate-a-incendios-em-cobertura-vegetal-com-uso-de-aviacao-agricola\/\"><img loading=\"lazy\" decoding=\"async\" class=\"alignnone wp-image-4197\" src=\"https:\/\/sindag.org.br\/site-antigo\/wp-content\/uploads\/2021\/04\/Copia-de-Banner-curso-1.png\" alt=\"\" width=\"259\" height=\"147\" \/><\/a><\/p>\n<p style=\"text-align: center;\">(clique na imagem para saber mais)<\/p>\n<p>2. Fundamentos de avia\u00e7\u00e3o agr\u00edcola<\/p>\n<p>&nbsp;<\/p>\n","protected":false},"excerpt":{"rendered":"<p>SOBRE A UCAA A UCAA \u00e9 a mais nova plataforma de cursos do SINDAG que visa capacitar as pessoas que atuam nas empresas de avia\u00e7\u00e3o agr\u00edcola e tamb\u00e9m os futuros profissionais do setor. PERFIL DOS CURSOS Cursos focados no dia a dia das empresas do setor, com dicas pr\u00e1ticas para a busca de melhores resultados&#8230;.  <a class=\"excerpt-read-more\" href=\"https:\/\/sindag.org.br\/site-antigo\/universidade-corporativa-da-aviacao-agricola\/\" title=\"Read UNIVERSIDADE CORPORATIVA DA AVIA\u00c7\u00c3O AGR\u00cdCOLA\">Leia mais &raquo;<\/a><\/p>\n","protected":false},"author":5,"featured_media":4227,"parent":0,"menu_order":0,"comment_status":"closed","ping_status":"closed","template":"","meta":{"_monsterinsights_skip_tracking":false,"_monsterinsights_sitenote_active":false,"_monsterinsights_sitenote_note":"","_monsterinsights_sitenote_category":0,"footnotes":"","_links_to":"","_links_to_target":""},"class_list":["post-4158","page","type-page","status-publish","has-post-thumbnail","hentry"],"_links":{"self":[{"href":"https:\/\/sindag.org.br\/site-antigo\/wp-json\/wp\/v2\/pages\/4158","targetHints":{"allow":["GET"]}}],"collection":[{"href":"https:\/\/sindag.org.br\/site-antigo\/wp-json\/wp\/v2\/pages"}],"about":[{"href":"https:\/\/sindag.org.br\/site-antigo\/wp-json\/wp\/v2\/types\/page"}],"author":[{"embeddable":true,"href":"https:\/\/sindag.org.br\/site-antigo\/wp-json\/wp\/v2\/users\/5"}],"replies":[{"embeddable":true,"href":"https:\/\/sindag.org.br\/site-antigo\/wp-json\/wp\/v2\/comments?post=4158"}],"version-history":[{"count":0,"href":"https:\/\/sindag.org.br\/site-antigo\/wp-json\/wp\/v2\/pages\/4158\/revisions"}],"wp:featuredmedia":[{"embeddable":true,"href":"https:\/\/sindag.org.br\/site-antigo\/wp-json\/wp\/v2\/media\/4227"}],"wp:attachment":[{"href":"https:\/\/sindag.org.br\/site-antigo\/wp-json\/wp\/v2\/media?parent=4158"}],"curies":[{"name":"wp","href":"https:\/\/api.w.org\/{rel}","templated":true}]}}